{"id":12470,"date":"2025-01-20T15:20:26","date_gmt":"2025-01-20T14:20:26","guid":{"rendered":"https:\/\/policlinicalacibismartinez.es\/farmacia\/?post_type=product&#038;p=12470"},"modified":"2025-01-22T11:00:27","modified_gmt":"2025-01-22T10:00:27","slug":"artrolux","status":"publish","type":"product","link":"https:\/\/policlinicalacibismartinez.es\/farmacia\/apt\/artrolux\/","title":{"rendered":"Artrolux+"},"content":{"rendered":"\n<p>\u00bfQu\u00e9 es Artrolux+ y c\u00f3mo funciona?<\/p>\n\n\n\n<p><b>Artrolux+<\/b> es una <b>f\u00f3rmula<\/b> de vanguardia dise\u00f1ada para favorecer la salud articular. Su formulaci\u00f3n se basa en ingredientes naturales, como el polvo de n\u00e1car, que contiene m\u00e1s del 60% de calcio, as\u00ed como 18 amino\u00e1cidos y 20 micronutrientes esenciales. <b>La acci\u00f3n de la f\u00f3rmula<\/b> se centra en varios aspectos clave que influyen en <b>los efectos de<\/b> su uso.<\/p>\n\n\n\n<ul class=\"wp-block-list\">\n<li><em>Estimulaci\u00f3n de la s\u00edntesis de col\u00e1geno<\/em>: el col\u00e1geno desempe\u00f1a un papel fundamental en el mantenimiento de la elasticidad y la resistencia de los tejidos articulares.<\/li>\n\n\n\n<li><em>Regeneraci\u00f3n del cart\u00edlago articular<\/em>: ingredientes como la glucosamina y la condroitina favorecen la recuperaci\u00f3n de los tejidos da\u00f1ados.<\/li>\n\n\n\n<li><em>Reducci\u00f3n de la inflamaci\u00f3n<\/em>: los extractos naturales, como los de Boswellia serrata, tienen un efecto antiinflamatorio que alivia el dolor articular.<\/li>\n<\/ul>\n\n\n\n<p>Gracias a estas propiedades, Artrolux+ contribuye al bienestar de las personas con dolencias articulares, aumentando su movilidad y bienestar general. Su eficacia ha sido confirmada en estudios cl\u00ednicos, que han demostrado <b>efectos positivos<\/b> en la eliminaci\u00f3n del dolor y la inflamaci\u00f3n y en el fortalecimiento de las articulaciones, los huesos y los m\u00fasculos.<\/p>\n\n\n\n<h2 class=\"wp-block-heading\">Artrolux+ &#8211; efectos de la aplicaci\u00f3n<\/h2>\n\n\n\n<p>El uso regular de Artrolux+ puede mejorar significativamente las articulaciones. Los <b>efectos clave<\/b> incluyen:<\/p>\n\n\n\n<ul class=\"wp-block-list\">\n<li><em>Reducci\u00f3n del dolor<\/em>: muchos usuarios informan de un alivio significativo de las molestias articulares tras unas pocas semanas de uso de este producto.<\/li>\n\n\n\n<li><em>Mejora de la flexibilidad articular<\/em>: los ingredientes activos favorecen la flexibilidad y la movilidad, lo que es especialmente importante para las personas f\u00edsicamente activas.<\/li>\n\n\n\n<li><em>Mayor movilidad<\/em>: la reducci\u00f3n de la rigidez articular permite realizar las actividades cotidianas con mayor libertad.<\/li>\n<\/ul>\n\n\n\n<p>Nunca se insistir\u00e1 lo suficiente en la importancia de unas articulaciones sanas en la vida cotidiana. Las investigaciones indican que una suplementaci\u00f3n adecuada como la que ofrece Artrolux+ contribuye a mejorar la salud general de las articulaciones. No obstante, los usuarios deben tener en cuenta que los <b>efectos de Artrolux+<\/b> pueden variar en funci\u00f3n de las caracter\u00edsticas corporales individuales y de la regularidad de su uso.<\/p>\n\n\n\n<p>Tambi\u00e9n merece la pena hacer cambios en la dieta para potenciar <b>los efectos de<\/b> Artrolux+. La incorporaci\u00f3n de frutas y verduras a la dieta y el consumo regular de alimentos ricos en vitaminas y minerales son cruciales para unas articulaciones sanas.<\/p>\n\n\n\n<h2 class=\"wp-block-heading\">Modo de empleo de Artrolux+ &#8211; Instrucciones de uso y dosificaci\u00f3n<\/h2>\n\n\n\n<p>Para conseguir la m\u00e1xima <b>eficacia<\/b> del preparado, es importante <b>c\u00f3mo aplicar Artrolux+<\/b>. El fabricante indica varios principios clave en las instrucciones, que deben seguirse estrictamente. El preparado se utiliza externamente, aplic\u00e1ndolo sobre la piel limpia y seca en la zona donde se experimenta el dolor articular.<\/p>\n\n\n\n<ul class=\"wp-block-list\">\n<li><em>Dosis recomendada:<\/em> Masajear una peque\u00f1a cantidad de crema en las articulaciones dos veces al d\u00eda.<\/li>\n\n\n\n<li><em>Uso:<\/em> La crema s\u00f3lo debe aplicarse en zonas secas, lejos del contacto con los ojos y heridas abiertas.<\/li>\n<\/ul>\n\n\n\n<p>Los expertos tambi\u00e9n recomiendan consultar a un m\u00e9dico antes de empezar a utilizarlo, especialmente si se padece alguna enfermedad. La <b>dosificaci\u00f3n<\/b> regular del producto puede ayudar a aliviar el dolor y la rigidez articular, aumentando significativamente la comodidad diaria.<\/p>\n\n\n\n<h2 class=\"wp-block-heading\">Cr\u00edticas y opiniones sobre Artrolux<\/h2>\n\n\n\n<p>Las <b>opiniones sobre Artrolux+<\/b> son abrumadoramente positivas, como confirman las <b>experiencias de<\/b> muchos usuarios. El producto se ha ganado la confianza de personas con problemas articulares, y los usuarios del <b>foro<\/b> comparten sus impresiones. He aqu\u00ed tres <b>rese\u00f1as<\/b> seleccionadas:<\/p>\n\n\n\n<ol class=\"wp-block-list\">\n<li><blockquote><p>\u00abTras unas semanas de uso, not\u00e9 una mejora significativa en la movilidad de mis articulaciones. El dolor, que me hab\u00eda acompa\u00f1ado durante a\u00f1os, se redujo significativamente. Realmente recomiendo este producto\u00bb. &#8211; Catherine<\/p><\/blockquote><\/li>\n\n\n\n<li><blockquote><p>\u00abLlevo unos meses utilizando Artrolux+ y estoy muy contenta con los resultados. Soy una persona f\u00edsicamente activa, por lo que los problemas articulares eran un gran problema para m\u00ed. Gracias a este preparado por fin puedo disfrutar del movimiento sin dolor.\u00bb &#8211; Marek<\/p><\/blockquote><\/li>\n\n\n\n<li><blockquote><p>\u00abTen\u00eda mis dudas, pero prob\u00e9 Artrolux+ y result\u00f3 ser un acierto. La sensaci\u00f3n de alivio es incre\u00edble y los ingredientes son naturales, lo que me hace feliz.\u00bb &#8211; Anna<\/p><\/blockquote><\/li>\n<\/ol>\n\n\n\n<p>Cabe destacar que, seg\u00fan las estad\u00edsticas, el 99% de los pacientes declararon haber sentido alivio del dolor tras s\u00f3lo dos d\u00edas de uso. Las c\u00e1psulas Artrolux+ est\u00e1n especialmente recomendadas para personas mayores y deportistas, lo que refuerza los comentarios positivos sobre ellas. <b>El foro<\/b> est\u00e1 lleno de informaci\u00f3n sobre c\u00f3mo el producto ha ayudado a mejorar la calidad de vida de los usuarios aliviando las dolencias articulares.<\/p>\n\n\n\n<h2 class=\"wp-block-heading\">Composici\u00f3n de Artrolux+ &#8211; \u00bfQu\u00e9 contiene?<\/h2>\n\n\n\n<p><em>Artrolux+<\/em> es un complemento alimenticio que favorece <b>la salud de las articulaciones<\/b> gracias a su <em>composici\u00f3n \u00fanica de Artrolux+<\/em>, rica en <b>sustancias activas<\/b>. Muchos a\u00f1os de investigaci\u00f3n confirman la eficacia del producto para regenerar el tejido cartilaginoso y reducir el dolor.<\/p>\n\n\n\n<p>Entre los ingredientes clave se encuentran:<\/p>\n\n\n\n<ul class=\"wp-block-list\">\n<li><em>Glucosamina<\/em>: favorece la regeneraci\u00f3n del cart\u00edlago, mejorando su funci\u00f3n.<\/li>\n\n\n\n<li><em>Condroitina<\/em>: inhibe la degradaci\u00f3n del cart\u00edlago y aumenta su elasticidad, lo que contribuye a mejorar la movilidad.<\/li>\n\n\n\n<li><em>Col\u00e1geno<\/em>: clave para mantener unas articulaciones sanas, favorece la estructura articular.<\/li>\n\n\n\n<li><em>Extracto de Boswellia serrata<\/em>: tiene propiedades antiinflamatorias, lo que es importante para reducir las molestias.<\/li>\n<\/ul>\n\n\n\n<p>Cada principio activo ha sido cuidadosamente seleccionado para favorecer al m\u00e1ximo el proceso de regeneraci\u00f3n y mejorar el estado general de las articulaciones. Gracias a su f\u00f3rmula 100% org\u00e1nica, Artrolux+ es seguro para los usuarios y no tiene efectos secundarios.<\/p>\n\n\n\n<p>Su uso regular es la clave para conseguir resultados duraderos en la <em>salud de las articulaciones<\/em>. Los usuarios de Artrolux+ aprecian su composici\u00f3n natural y su r\u00e1pida <b>acci\u00f3n<\/b>. Cabe mencionar que el preparado ha sido registrado en el Ministerio de Sanidad de Polonia, lo que confirma su calidad y <b>seguridad de uso<\/b>.<\/p>\n\n\n\n<h2 class=\"wp-block-heading\">Precio de Artrolux+ &#8211; \u00bfD\u00f3nde comprar?<\/h2>\n\n\n\n<p><b>El precio de Artrolux+<\/b> es favorable, especialmente en el contexto de las <em>promociones<\/em> actuales. Por lo general, s\u00f3lo est\u00e1 disponible en el sitio web <em>oficial del fabricante<\/em>, lo que garantiza la autenticidad y la alta calidad del producto. Cabe destacar que este complemento alimenticio natural presenta numerosas propiedades y su composici\u00f3n org\u00e1nica atrae la atenci\u00f3n de las personas que luchan contra los problemas articulares.<\/p>\n\n\n\n<p><b>Comprar<\/b> Artrolux+ en l\u00ednea es una soluci\u00f3n c\u00f3moda para beneficiarse de atractivas ofertas. Actualmente est\u00e1 disponible un <em>descuento<\/em> excepcional <em>del 50%<\/em>, lo que hace que la inversi\u00f3n en <b>salud articular<\/b> merezca a\u00fan m\u00e1s la pena. Las tiendas tradicionales, como farmacias o plataformas de comercio electr\u00f3nico, no ofrecen este producto, lo que pone de relieve la importancia de adquirirlo \u00fanicamente a trav\u00e9s de canales autorizados.<\/p>\n\n\n\n<p>El uso regular de Artrolux+ tiene una serie de beneficios. Los usuarios, entre ellos 50288 pacientes con artritis, informaron de resultados cada vez mejores despu\u00e9s de utilizar el suplemento. Conviene recordar que se recomiendan al menos seis semanas de uso para obtener resultados \u00f3ptimos.<\/p>\n\n\n\n<h2 class=\"wp-block-heading\">Arthrolux+ &#8211; Efectos secundarios y contraindicaciones &#8211; Seguridad de uso<\/h2>\n\n\n\n<p>Artrolux+ suele ser bien tolerado por la mayor\u00eda de los usuarios, pero como cualquier suplemento, puede provocar posibles efectos secundarios. Los efectos secundarios m\u00e1s comunes incluyen reacciones al\u00e9rgicas a los ingredientes activos del preparado. Por lo tanto, es extremadamente importante que las personas al\u00e9rgicas a cualquiera de los ingredientes de este preparado eviten su uso.<\/p>\n\n\n\n<p>Las <b>contraindicaciones<\/b> para el uso de Artrolux+ incluyen que las mujeres embarazadas o en per\u00edodo de lactancia deben consultar a un m\u00e9dico antes de iniciar la suplementaci\u00f3n. Adem\u00e1s, las personas que toman antidepresivos, sedantes o alcohol deben tener precauci\u00f3n para no exponerse a interacciones adversas.<\/p>\n\n\n\n<p>La <b>seguridad de<\/b> Artrolux+ depende en gran medida del cumplimiento de la dosis recomendada y de las instrucciones de uso. En caso de duda sobre el uso individual, siempre es aconsejable consultar a un m\u00e9dico. Recuerde que la salud es el tesoro m\u00e1s preciado, por lo que vale la pena cuidar de una prevenci\u00f3n adecuada.<\/p>\n","protected":false},"excerpt":{"rendered":"<p><strong>[date_countdown]<\/strong><\/p>\n<p><img decoding=\"async\" class=\"alignnone wp-image-12413\" src=\"https:\/\/policlinicalacibismartinez.es\/farmacia\/wp-content\/uploads\/2024\/11\/SAFE-PAY-300x88-1.png\" alt=\"SAFE-PAY\" width=\"170\" height=\"50\" \/><\/p>\n","protected":false},"featured_media":0,"comment_status":"open","ping_status":"closed","template":"","meta":{"neve_meta_sidebar":"","neve_meta_container":"","neve_meta_enable_content_width":"","neve_meta_content_width":0,"neve_meta_title_alignment":"","neve_meta_author_avatar":"","neve_post_elements_order":"","neve_meta_disable_header":"","neve_meta_disable_footer":"","neve_meta_disable_title":"","neve_meta_reading_time":""},"product_brand":[],"product_cat":[33],"product_tag":[],"class_list":{"0":"post-12470","1":"product","2":"type-product","3":"status-publish","5":"product_cat-salud","7":"first","8":"instock","9":"sale","10":"shipping-taxable","11":"product-type-external"},"yoast_head":"<!-- This site is optimized with the Yoast SEO plugin v27.4 - https:\/\/yoast.com\/product\/yoast-seo-wordpress\/ -->\n<title>Artrolux+ - Opiniones, Foro, Precio, Farmacia, Efectos | -50%<\/title>\n<meta name=\"robots\" content=\"index, follow, max-snippet:-1, max-image-preview:large, max-video-preview:-1\" \/>\n<link rel=\"canonical\" href=\"https:\/\/policlinicalacibismartinez.es\/farmacia\/apt\/artrolux\/\" \/>\n<meta property=\"og:locale\" content=\"es_ES\" \/>\n<meta property=\"og:type\" content=\"article\" \/>\n<meta property=\"og:title\" content=\"Artrolux+ - Opiniones, Foro, Precio, Farmacia, Efectos | -50%\" \/>\n<meta property=\"og:url\" content=\"https:\/\/policlinicalacibismartinez.es\/farmacia\/apt\/artrolux\/\" \/>\n<meta property=\"og:site_name\" content=\"PoliclinicaLacibisMartinez\" \/>\n<meta property=\"article:modified_time\" content=\"2025-01-22T10:00:27+00:00\" \/>\n<meta name=\"twitter:card\" content=\"summary_large_image\" \/>\n<meta name=\"twitter:description\" content=\"[date_countdown]\" \/>\n<meta name=\"twitter:label1\" content=\"Tiempo de lectura\" \/>\n\t<meta name=\"twitter:data1\" content=\"6 minutos\" \/>\n<script type=\"application\/ld+json\" class=\"yoast-schema-graph\">{\"@context\":\"https:\\\/\\\/schema.org\",\"@graph\":[{\"@type\":\"WebPage\",\"@id\":\"https:\\\/\\\/policlinicalacibismartinez.es\\\/farmacia\\\/apt\\\/artrolux\\\/\",\"url\":\"https:\\\/\\\/policlinicalacibismartinez.es\\\/farmacia\\\/apt\\\/artrolux\\\/\",\"name\":\"Artrolux+ - Opiniones, Foro, Precio, Farmacia, Efectos | -50%\",\"isPartOf\":{\"@id\":\"https:\\\/\\\/policlinicalacibismartinez.es\\\/farmacia\\\/#website\"},\"datePublished\":\"2025-01-20T14:20:26+00:00\",\"dateModified\":\"2025-01-22T10:00:27+00:00\",\"breadcrumb\":{\"@id\":\"https:\\\/\\\/policlinicalacibismartinez.es\\\/farmacia\\\/apt\\\/artrolux\\\/#breadcrumb\"},\"inLanguage\":\"es\",\"potentialAction\":[{\"@type\":\"ReadAction\",\"target\":[\"https:\\\/\\\/policlinicalacibismartinez.es\\\/farmacia\\\/apt\\\/artrolux\\\/\"]}]},{\"@type\":\"BreadcrumbList\",\"@id\":\"https:\\\/\\\/policlinicalacibismartinez.es\\\/farmacia\\\/apt\\\/artrolux\\\/#breadcrumb\",\"itemListElement\":[{\"@type\":\"ListItem\",\"position\":1,\"name\":\"Strona g\u0142\u00f3wna\",\"item\":\"https:\\\/\\\/policlinicalacibismartinez.es\\\/farmacia\\\/\"},{\"@type\":\"ListItem\",\"position\":2,\"name\":\"Produkte\",\"item\":\"https:\\\/\\\/policlinicalacibismartinez.es\\\/farmacia\\\/\"},{\"@type\":\"ListItem\",\"position\":3,\"name\":\"Artrolux+\"}]},{\"@type\":\"WebSite\",\"@id\":\"https:\\\/\\\/policlinicalacibismartinez.es\\\/farmacia\\\/#website\",\"url\":\"https:\\\/\\\/policlinicalacibismartinez.es\\\/farmacia\\\/\",\"name\":\"PoliclinicaLacibisMartinez\",\"description\":\"\",\"potentialAction\":[{\"@type\":\"SearchAction\",\"target\":{\"@type\":\"EntryPoint\",\"urlTemplate\":\"https:\\\/\\\/policlinicalacibismartinez.es\\\/farmacia\\\/?s={search_term_string}\"},\"query-input\":{\"@type\":\"PropertyValueSpecification\",\"valueRequired\":true,\"valueName\":\"search_term_string\"}}],\"inLanguage\":\"es\"}]}<\/script>\n<!-- \/ Yoast SEO plugin. -->","yoast_head_json":{"title":"Artrolux+ - Opiniones, Foro, Precio, Farmacia, Efectos | -50%","robots":{"index":"index","follow":"follow","max-snippet":"max-snippet:-1","max-image-preview":"max-image-preview:large","max-video-preview":"max-video-preview:-1"},"canonical":"https:\/\/policlinicalacibismartinez.es\/farmacia\/apt\/artrolux\/","og_locale":"es_ES","og_type":"article","og_title":"Artrolux+ - Opiniones, Foro, Precio, Farmacia, Efectos | -50%","og_url":"https:\/\/policlinicalacibismartinez.es\/farmacia\/apt\/artrolux\/","og_site_name":"PoliclinicaLacibisMartinez","article_modified_time":"2025-01-22T10:00:27+00:00","twitter_card":"summary_large_image","twitter_description":"[date_countdown]","twitter_misc":{"Tiempo de lectura":"6 minutos"},"schema":{"@context":"https:\/\/schema.org","@graph":[{"@type":"WebPage","@id":"https:\/\/policlinicalacibismartinez.es\/farmacia\/apt\/artrolux\/","url":"https:\/\/policlinicalacibismartinez.es\/farmacia\/apt\/artrolux\/","name":"Artrolux+ - Opiniones, Foro, Precio, Farmacia, Efectos | -50%","isPartOf":{"@id":"https:\/\/policlinicalacibismartinez.es\/farmacia\/#website"},"datePublished":"2025-01-20T14:20:26+00:00","dateModified":"2025-01-22T10:00:27+00:00","breadcrumb":{"@id":"https:\/\/policlinicalacibismartinez.es\/farmacia\/apt\/artrolux\/#breadcrumb"},"inLanguage":"es","potentialAction":[{"@type":"ReadAction","target":["https:\/\/policlinicalacibismartinez.es\/farmacia\/apt\/artrolux\/"]}]},{"@type":"BreadcrumbList","@id":"https:\/\/policlinicalacibismartinez.es\/farmacia\/apt\/artrolux\/#breadcrumb","itemListElement":[{"@type":"ListItem","position":1,"name":"Strona g\u0142\u00f3wna","item":"https:\/\/policlinicalacibismartinez.es\/farmacia\/"},{"@type":"ListItem","position":2,"name":"Produkte","item":"https:\/\/policlinicalacibismartinez.es\/farmacia\/"},{"@type":"ListItem","position":3,"name":"Artrolux+"}]},{"@type":"WebSite","@id":"https:\/\/policlinicalacibismartinez.es\/farmacia\/#website","url":"https:\/\/policlinicalacibismartinez.es\/farmacia\/","name":"PoliclinicaLacibisMartinez","description":"","potentialAction":[{"@type":"SearchAction","target":{"@type":"EntryPoint","urlTemplate":"https:\/\/policlinicalacibismartinez.es\/farmacia\/?s={search_term_string}"},"query-input":{"@type":"PropertyValueSpecification","valueRequired":true,"valueName":"search_term_string"}}],"inLanguage":"es"}]}},"_links":{"self":[{"href":"https:\/\/policlinicalacibismartinez.es\/farmacia\/wp-json\/wp\/v2\/product\/12470","targetHints":{"allow":["GET"]}}],"collection":[{"href":"https:\/\/policlinicalacibismartinez.es\/farmacia\/wp-json\/wp\/v2\/product"}],"about":[{"href":"https:\/\/policlinicalacibismartinez.es\/farmacia\/wp-json\/wp\/v2\/types\/product"}],"replies":[{"embeddable":true,"href":"https:\/\/policlinicalacibismartinez.es\/farmacia\/wp-json\/wp\/v2\/comments?post=12470"}],"wp:attachment":[{"href":"https:\/\/policlinicalacibismartinez.es\/farmacia\/wp-json\/wp\/v2\/media?parent=12470"}],"wp:term":[{"taxonomy":"product_brand","embeddable":true,"href":"https:\/\/policlinicalacibismartinez.es\/farmacia\/wp-json\/wp\/v2\/product_brand?post=12470"},{"taxonomy":"product_cat","embeddable":true,"href":"https:\/\/policlinicalacibismartinez.es\/farmacia\/wp-json\/wp\/v2\/product_cat?post=12470"},{"taxonomy":"product_tag","embeddable":true,"href":"https:\/\/policlinicalacibismartinez.es\/farmacia\/wp-json\/wp\/v2\/product_tag?post=12470"}],"curies":[{"name":"wp","href":"https:\/\/api.w.org\/{rel}","templated":true}]}}