{"id":11982,"date":"2024-11-09T12:36:42","date_gmt":"2024-11-09T11:36:42","guid":{"rendered":"https:\/\/drdelbarrio.es\/farmacia\/apt\/astaxkrill\/"},"modified":"2025-01-14T21:17:09","modified_gmt":"2025-01-14T20:17:09","slug":"astaxkrill","status":"publish","type":"product","link":"https:\/\/policlinicalacibismartinez.es\/farmacia\/apt\/astaxkrill\/","title":{"rendered":"Astaxkrill"},"content":{"rendered":"\n<h2 class=\"wp-block-heading\">\u00bfQu\u00e9 es Astaxkrill y c\u00f3mo funciona?<\/h2>\n\n\n\n<p><b>Astaxkrill<\/b> es un <b>complemento alimenticio<\/b> innovador que combina extracto lip\u00eddico de camar\u00f3n ant\u00e1rtico y oleorresina de la microalga Haematococcus pluvialis, rica en astaxantina. Es conocida por sus numerosas propiedades beneficiosas para la salud, que est\u00e1n atrayendo a un n\u00famero creciente de usuarios. En pocas palabras, <b>lo que es Astaxkrill<\/b> puede describirse como una f\u00f3rmula centrada en el apoyo al sistema cardiovascular y la protecci\u00f3n de las c\u00e9lulas frente al estr\u00e9s oxidativo.<\/p>\n\n\n\n<p><b>Los efectos de<\/b> Astaxkrill incluyen la mejora del bienestar general, el refuerzo de la inmunidad y la ayuda a ralentizar el proceso de envejecimiento. La astaxantina, el ingrediente clave de este suplemento, act\u00faa como un potente antioxidante, lo que es especialmente importante en el contexto de la lucha contra los radicales libres. El <b>uso<\/b> regular de Astaxkrill puede contribuir a mejorar el rendimiento f\u00edsico, aliviando las agujetas despu\u00e9s del ejercicio y ayudando a la recuperaci\u00f3n.<\/p>\n\n\n\n<p>Cabe se\u00f1alar que las deficiencias de omega-3 en la dieta pueden aumentar el riesgo de enfermedades cardiacas y problemas neurol\u00f3gicos. Astaxkrill, con su alto contenido en estos \u00e1cidos grasos y astaxantina, favorece <b>la salud<\/b> del cerebro y el coraz\u00f3n. Si se toma con regularidad, este <b>suplemento<\/b> tambi\u00e9n ayuda a regular los niveles de colesterol y favorece la funci\u00f3n hep\u00e1tica.<\/p>\n\n\n\n<h2 class=\"wp-block-heading\">Efectos de Astaxkrill<\/h2>\n\n\n\n<p>El <b>uso<\/b> del suplemento Astaxkrill puede aportar muchos <em>beneficios<\/em> para la salud. El consumo regular de este producto mejora el rendimiento f\u00edsico y favorece la recuperaci\u00f3n. La astaxantina, el ingrediente clave del suplemento, act\u00faa como un antioxidante eficaz, reduciendo los s\u00edntomas de fatiga y aportando cambios positivos al estado de la piel.<\/p>\n\n\n\n<p>Otros <em>efectos de Astaxkrill<\/em> incluyen:<\/p>\n\n\n\n<ul class=\"wp-block-list\">\n<li>Fortalecimiento del sistema inmunitario, que es importante durante los periodos de mayor riesgo de infecci\u00f3n.<\/li>\n\n\n\n<li>Acciones antiinflamatorias que pueden ayudar a aliviar el dolor y las molestias articulares.<\/li>\n\n\n\n<li>Regulaci\u00f3n de los niveles de colesterol en sangre, lo que contribuye a mejorar la salud cardiovascular.<\/li>\n\n\n\n<li>Mejorar el estado del cabello y las u\u00f1as, algo muy apreciado por las personas preocupadas por la belleza.<\/li>\n<\/ul>\n\n\n\n<p><b>El suplemento<\/b> Astaxkrill, que contiene aceite de krill ant\u00e1rtico y oleorresina de la microalga Haematococcus pluvialis, aporta sustancias esenciales para la salud. Su <b>acci\u00f3n<\/b> se basa en la estimulaci\u00f3n del sistema inmunitario y en sus propiedades antiinflamatorias, lo que lo convierte en una opci\u00f3n popular en el mercado de la salud. Gracias a sus ingredientes naturales, Astaxkrill se considera una opci\u00f3n segura para quienes desean mejorar su <b>salud<\/b>.<\/p>\n\n\n\n<h2 class=\"wp-block-heading\">\u00bfC\u00f3mo utilizar Astaxkrill? &#8211; Dosis y recomendaciones<\/h2>\n\n\n\n<p>Astaxkrill es un suplemento diet\u00e9tico que contribuye a <b>la salud del coraz\u00f3n<\/b> y las articulaciones. La <b>dosis<\/b> recomendada <b>de<\/b> esta sustancia es de una c\u00e1psula al d\u00eda, tomada con abundante agua. <em>El uso de Astaxkrill<\/em> debe seguir las recomendaciones del fabricante para conseguir los mejores resultados para la salud. Los adultos pueden beneficiarse de sus propiedades, pero no debe superarse la dosis recomendada.<\/p>\n\n\n\n<p>Conviene recordar que la suplementaci\u00f3n con <em>Astaxkrill<\/em> no sustituye a una dieta variada, que es fundamental para mantener la salud. Las personas con una carga de enfermedad deben consultar a su m\u00e9dico antes de comenzar, lo que aumenta la <b>seguridad de la<\/b> suplementaci\u00f3n.<\/p>\n\n\n\n<p>A continuaci\u00f3n se detallan las <b>recomendaciones<\/b> para <em>la dosificaci\u00f3n<\/em> y el <em>uso de<\/em> Astaxkrill:<\/p>\n\n\n\n<figure class=\"wp-block-table\"><table class=\"has-fixed-layout\"><tbody><tr><th>Objetivo de la suplementaci\u00f3n<\/th><th>Dosis diaria<\/th><th>Comentarios<\/th><\/tr><tr><td>Favorecer la salud del coraz\u00f3n<\/td><td>1 c\u00e1psula<\/td><td>Tomar con agua.<\/td><\/tr><tr><td>Favorecer la salud de las articulaciones<\/td><td>1 c\u00e1psula<\/td><td>No debe superarse la dosis recomendada.<\/td><\/tr><tr><td>Consultas m\u00e9dicas<\/td><td>&#8211;<\/td><td>Recomendado para personas con problemas de salud.<\/td><\/tr><\/tbody><\/table><\/figure>\n\n\n\n<p>Seguir las <em>recomendaciones de<\/em> dosificaci\u00f3n y consultar a su m\u00e9dico antes de empezar a tomar Astaxkrill le ayudar\u00e1 a maximizar los <b>beneficios<\/b> de este suplemento para la salud.<\/p>\n\n\n\n<h2 class=\"wp-block-heading\">Opiniones sobre Astaxkrill &#8211; \u00bfQu\u00e9 opinan los usuarios en los foros?<\/h2>\n\n\n\n<p><b>Los comentarios sobre<\/b> Astaxkrill se est\u00e1n difundiendo en varios foros en l\u00ednea, donde <b>los usuarios<\/b> comparten sus experiencias. Muchos de estos testimonios destacan los efectos positivos del uso de este suplemento diet\u00e9tico.<\/p>\n\n\n\n<blockquote class=\"wp-block-quote is-layout-flow wp-block-quote-is-layout-flow\">\n<p><em>Anna<\/em>: \u00abLlevo unos meses utilizando Astaxkrill y he notado una mejora tanto en mi salud articular como en mi bienestar general. Tengo m\u00e1s energ\u00eda y mis dolores articulares se han reducido significativamente. Sin duda, \u00a1lo recomiendo!\u00bb.<\/p>\n<\/blockquote>\n\n\n\n<blockquote class=\"wp-block-quote is-layout-flow wp-block-quote-is-layout-flow\">\n<p><em>Thomas<\/em>: \u00abDespu\u00e9s de usar Astaxkrill durante unas semanas, puedo decir con plena confianza que funciona. Mis problemas oculares y la fatiga han desaparecido. El suplemento me ha ayudado mucho en el trabajo, me siento m\u00e1s concentrado.\u00bb<\/p>\n<\/blockquote>\n\n\n\n<blockquote class=\"wp-block-quote is-layout-flow wp-block-quote-is-layout-flow\">\n<p><em>Karolina<\/em>: \u00ab\u00a1Astaxkrill es un \u00e9xito! Desde que lo tomo, mi inmunidad se ha reforzado y mis dolencias musculoesquel\u00e9ticas han disminuido significativamente. Me siento mucho mejor\u00bb.<\/p>\n<\/blockquote>\n\n\n\n<p>En resumen, los <b>comentarios de<\/b> los usuarios en los foros demuestran que Astaxkrill goza de gran prestigio. Los <b>beneficios de<\/b> tomar este suplemento, incluyendo la mejora de la salud de las articulaciones y el bienestar general, son ampliamente destacados. Muchos tambi\u00e9n han observado un efecto beneficioso sobre la concentraci\u00f3n y la energ\u00eda diaria.<\/p>\n\n\n\n<h2 class=\"wp-block-heading\">Astaxkrill &#8211; Composici\u00f3n &#8211; \u00bfQu\u00e9 contiene?<\/h2>\n\n\n\n<p>Astaxkrill es un producto que se distingue por su composici\u00f3n natural que favorece <b>la salud del coraz\u00f3n<\/b> y el sistema inmunitario. Los ingredientes clave de este suplemento son:<\/p>\n\n\n\n<ul class=\"wp-block-list\">\n<li>Extracto lip\u00eddico de camar\u00f3n ant\u00e1rtico<\/li>\n\n\n\n<li>Oleorresina de la microalga Haematococcus pluvialis, rica en astaxantina<\/li>\n\n\n\n<li>Aceite de girasol<\/li>\n\n\n\n<li>Gelatina de cerdo<\/li>\n<\/ul>\n\n\n\n<p>Estos ingredientes naturales hacen posibles los numerosos beneficios para la salud de Astaxkrill. Centr\u00e1ndonos en la astaxantina, <b>los usuarios<\/b> pueden beneficiarse de sus potentes propiedades antioxidantes, que son hasta 65 veces m\u00e1s potentes que la vitamina C. La <b>composici\u00f3n<\/b> de Astaxkrill proporciona todos los ingredientes necesarios para apoyar la funci\u00f3n metab\u00f3lica y ayudar a fortalecer el sistema inmunol\u00f3gico.<\/p>\n\n\n\n<p>Oleh astaxantina, <b>el uso de<\/b> este suplemento puede <b>beneficiar<\/b> no s\u00f3lo el apoyo del coraz\u00f3n, sino tambi\u00e9n ayudar a mejorar la condici\u00f3n de la piel, el cabello y las u\u00f1as. Las impresiones de los usuarios confirman la alta eficacia de Astaxkrill, con <b>comentarios<\/b> positivos centrados en su composici\u00f3n 100% natural y la falta de efectos secundarios.<\/p>\n\n\n\n<h2 class=\"wp-block-heading\">D\u00f3nde comprar Astaxkrill &#8211; precio<\/h2>\n\n\n\n<p>Astaxkrill s\u00f3lo se puede comprar en la p\u00e1gina <em>oficial del fabricante<\/em>. Este es el lugar que garantiza la mayor <b>seguridad de<\/b> compra y la alta calidad del producto. Es fundamental evitar la compra en farmacias estacionarias, ya que <em>Astaxkrill<\/em> no est\u00e1 disponible en esta forma de venta. Los precios de este suplemento dependen de las promociones vigentes y de las ofertas disponibles en la p\u00e1gina web del fabricante.<\/p>\n\n\n\n<p>Hay muchos suplementos diet\u00e9ticos disponibles en el mercado, pero Astaxkrill destaca por su calidad y eficacia. Definitivamente vale la pena invertir en un producto ofrecido por <em>un fabricante oficial<\/em> para asegurarse de que est\u00e1 comprando un producto original y eficaz. El uso regular de Astaxkrill aporta una serie de beneficios para la salud, como destacan los <b>usuarios<\/b> satisfechos.<\/p>\n\n\n\n<h2 class=\"wp-block-heading\">Astaxkrill &#8211; Efectos secundarios y contraindicaciones &#8211; \u00bfEs seguro?<\/h2>\n\n\n\n<p>Astaxkrill se considera un suplemento generalmente seguro para adultos sanos, pero pueden producirse <b>efectos<\/b> secundarios como molestias estomacales o reacciones al\u00e9rgicas. Las personas al\u00e9rgicas a los ingredientes de origen marino deben tener especial cuidado para evitar efectos adversos. Por lo tanto, antes de iniciar la suplementaci\u00f3n, es aconsejable consultar a un m\u00e9dico para evaluar las posibles <strong>contraindicaciones<\/strong> del Astaxkrill.<\/p>\n\n\n\n<p>Las mujeres embarazadas y lactantes deben evitar tomar este suplemento, tambi\u00e9n las personas que toman medicamentos que pueden interactuar con sus ingredientes deben tener precauci\u00f3n. Los estudios cient\u00edficos a\u00fan no han informado de problemas de salud graves asociados con el uso de Astaxkrill, pero para garantizar la m\u00e1xima seguridad, siempre es aconsejable buscar consejo m\u00e9dico antes de decidir sobre la suplementaci\u00f3n.<\/p>\n\n\n\n<p>En conclusi\u00f3n, el Astaxkrill puede proporcionar muchos beneficios para la salud, pero la dosis utilizada debe ajustarse teniendo en cuenta las necesidades individuales del organismo. Con un enfoque responsable y el conocimiento de las contraindicaciones potenciales, sus propiedades beneficiosas para la salud se pueden disfrutar de forma segura.<\/p>\n\n\n\n<p><\/p>\n","protected":false},"excerpt":{"rendered":"<p><strong>[date_countdown]<\/strong><\/p>\n<p><img decoding=\"async\" class=\"alignnone  wp-image-12413\" src=\"https:\/\/policlinicalacibismartinez.es\/farmacia\/wp-content\/uploads\/2024\/11\/SAFE-PAY-300x88-1.png\" alt=\"SAFE-PAY\" width=\"170\" height=\"50\" \/><\/p>\n","protected":false},"featured_media":11981,"comment_status":"open","ping_status":"closed","template":"","meta":{"neve_meta_sidebar":"","neve_meta_container":"","neve_meta_enable_content_width":"","neve_meta_content_width":0,"neve_meta_title_alignment":"","neve_meta_author_avatar":"","neve_post_elements_order":"","neve_meta_disable_header":"","neve_meta_disable_footer":"","neve_meta_disable_title":"","neve_meta_reading_time":""},"product_brand":[],"product_cat":[33],"product_tag":[],"class_list":{"0":"post-11982","1":"product","2":"type-product","3":"status-publish","4":"has-post-thumbnail","6":"product_cat-salud","8":"first","9":"instock","10":"sale","11":"shipping-taxable","12":"product-type-external"},"yoast_head":"<!-- This site is optimized with the Yoast SEO plugin v27.4 - https:\/\/yoast.com\/product\/yoast-seo-wordpress\/ -->\n<title>Astaxkrill - Opiniones, Foro, Precio, Farmacia, Efectos | -50%<\/title>\n<meta name=\"robots\" content=\"index, follow, max-snippet:-1, max-image-preview:large, max-video-preview:-1\" \/>\n<link rel=\"canonical\" href=\"https:\/\/policlinicalacibismartinez.es\/farmacia\/apt\/astaxkrill\/\" \/>\n<meta property=\"og:locale\" content=\"es_ES\" \/>\n<meta property=\"og:type\" content=\"article\" \/>\n<meta property=\"og:title\" content=\"Astaxkrill - Opiniones, Foro, Precio, Farmacia, Efectos | -50%\" \/>\n<meta property=\"og:url\" content=\"https:\/\/policlinicalacibismartinez.es\/farmacia\/apt\/astaxkrill\/\" \/>\n<meta property=\"og:site_name\" content=\"PoliclinicaLacibisMartinez\" \/>\n<meta property=\"article:modified_time\" content=\"2025-01-14T20:17:09+00:00\" \/>\n<meta property=\"og:image\" content=\"https:\/\/policlinicalacibismartinez.es\/farmacia\/wp-content\/uploads\/2024\/11\/ASTAXKRILL.jpg\" \/>\n\t<meta property=\"og:image:width\" content=\"768\" \/>\n\t<meta property=\"og:image:height\" content=\"768\" \/>\n\t<meta property=\"og:image:type\" content=\"image\/jpeg\" \/>\n<meta name=\"twitter:card\" content=\"summary_large_image\" \/>\n<meta name=\"twitter:description\" content=\"[date_countdown]\" \/>\n<meta name=\"twitter:label1\" content=\"Tiempo de lectura\" \/>\n\t<meta name=\"twitter:data1\" content=\"1 minuto\" \/>\n<script type=\"application\/ld+json\" class=\"yoast-schema-graph\">{\"@context\":\"https:\\\/\\\/schema.org\",\"@graph\":[{\"@type\":\"WebPage\",\"@id\":\"https:\\\/\\\/policlinicalacibismartinez.es\\\/farmacia\\\/apt\\\/astaxkrill\\\/\",\"url\":\"https:\\\/\\\/policlinicalacibismartinez.es\\\/farmacia\\\/apt\\\/astaxkrill\\\/\",\"name\":\"Astaxkrill - Opiniones, Foro, Precio, Farmacia, Efectos | -50%\",\"isPartOf\":{\"@id\":\"https:\\\/\\\/policlinicalacibismartinez.es\\\/farmacia\\\/#website\"},\"primaryImageOfPage\":{\"@id\":\"https:\\\/\\\/policlinicalacibismartinez.es\\\/farmacia\\\/apt\\\/astaxkrill\\\/#primaryimage\"},\"image\":{\"@id\":\"https:\\\/\\\/policlinicalacibismartinez.es\\\/farmacia\\\/apt\\\/astaxkrill\\\/#primaryimage\"},\"thumbnailUrl\":\"https:\\\/\\\/policlinicalacibismartinez.es\\\/farmacia\\\/wp-content\\\/uploads\\\/2024\\\/11\\\/ASTAXKRILL.jpg\",\"datePublished\":\"2024-11-09T11:36:42+00:00\",\"dateModified\":\"2025-01-14T20:17:09+00:00\",\"breadcrumb\":{\"@id\":\"https:\\\/\\\/policlinicalacibismartinez.es\\\/farmacia\\\/apt\\\/astaxkrill\\\/#breadcrumb\"},\"inLanguage\":\"es\",\"potentialAction\":[{\"@type\":\"ReadAction\",\"target\":[\"https:\\\/\\\/policlinicalacibismartinez.es\\\/farmacia\\\/apt\\\/astaxkrill\\\/\"]}]},{\"@type\":\"ImageObject\",\"inLanguage\":\"es\",\"@id\":\"https:\\\/\\\/policlinicalacibismartinez.es\\\/farmacia\\\/apt\\\/astaxkrill\\\/#primaryimage\",\"url\":\"https:\\\/\\\/policlinicalacibismartinez.es\\\/farmacia\\\/wp-content\\\/uploads\\\/2024\\\/11\\\/ASTAXKRILL.jpg\",\"contentUrl\":\"https:\\\/\\\/policlinicalacibismartinez.es\\\/farmacia\\\/wp-content\\\/uploads\\\/2024\\\/11\\\/ASTAXKRILL.jpg\",\"width\":768,\"height\":768},{\"@type\":\"BreadcrumbList\",\"@id\":\"https:\\\/\\\/policlinicalacibismartinez.es\\\/farmacia\\\/apt\\\/astaxkrill\\\/#breadcrumb\",\"itemListElement\":[{\"@type\":\"ListItem\",\"position\":1,\"name\":\"Strona g\u0142\u00f3wna\",\"item\":\"https:\\\/\\\/policlinicalacibismartinez.es\\\/farmacia\\\/\"},{\"@type\":\"ListItem\",\"position\":2,\"name\":\"Produkte\",\"item\":\"https:\\\/\\\/policlinicalacibismartinez.es\\\/farmacia\\\/\"},{\"@type\":\"ListItem\",\"position\":3,\"name\":\"Astaxkrill\"}]},{\"@type\":\"WebSite\",\"@id\":\"https:\\\/\\\/policlinicalacibismartinez.es\\\/farmacia\\\/#website\",\"url\":\"https:\\\/\\\/policlinicalacibismartinez.es\\\/farmacia\\\/\",\"name\":\"PoliclinicaLacibisMartinez\",\"description\":\"\",\"potentialAction\":[{\"@type\":\"SearchAction\",\"target\":{\"@type\":\"EntryPoint\",\"urlTemplate\":\"https:\\\/\\\/policlinicalacibismartinez.es\\\/farmacia\\\/?s={search_term_string}\"},\"query-input\":{\"@type\":\"PropertyValueSpecification\",\"valueRequired\":true,\"valueName\":\"search_term_string\"}}],\"inLanguage\":\"es\"}]}<\/script>\n<!-- \/ Yoast SEO plugin. -->","yoast_head_json":{"title":"Astaxkrill - Opiniones, Foro, Precio, Farmacia, Efectos | -50%","robots":{"index":"index","follow":"follow","max-snippet":"max-snippet:-1","max-image-preview":"max-image-preview:large","max-video-preview":"max-video-preview:-1"},"canonical":"https:\/\/policlinicalacibismartinez.es\/farmacia\/apt\/astaxkrill\/","og_locale":"es_ES","og_type":"article","og_title":"Astaxkrill - Opiniones, Foro, Precio, Farmacia, Efectos | -50%","og_url":"https:\/\/policlinicalacibismartinez.es\/farmacia\/apt\/astaxkrill\/","og_site_name":"PoliclinicaLacibisMartinez","article_modified_time":"2025-01-14T20:17:09+00:00","og_image":[{"width":768,"height":768,"url":"https:\/\/policlinicalacibismartinez.es\/farmacia\/wp-content\/uploads\/2024\/11\/ASTAXKRILL.jpg","type":"image\/jpeg"}],"twitter_card":"summary_large_image","twitter_description":"[date_countdown]","twitter_misc":{"Tiempo de lectura":"1 minuto"},"schema":{"@context":"https:\/\/schema.org","@graph":[{"@type":"WebPage","@id":"https:\/\/policlinicalacibismartinez.es\/farmacia\/apt\/astaxkrill\/","url":"https:\/\/policlinicalacibismartinez.es\/farmacia\/apt\/astaxkrill\/","name":"Astaxkrill - Opiniones, Foro, Precio, Farmacia, Efectos | -50%","isPartOf":{"@id":"https:\/\/policlinicalacibismartinez.es\/farmacia\/#website"},"primaryImageOfPage":{"@id":"https:\/\/policlinicalacibismartinez.es\/farmacia\/apt\/astaxkrill\/#primaryimage"},"image":{"@id":"https:\/\/policlinicalacibismartinez.es\/farmacia\/apt\/astaxkrill\/#primaryimage"},"thumbnailUrl":"https:\/\/policlinicalacibismartinez.es\/farmacia\/wp-content\/uploads\/2024\/11\/ASTAXKRILL.jpg","datePublished":"2024-11-09T11:36:42+00:00","dateModified":"2025-01-14T20:17:09+00:00","breadcrumb":{"@id":"https:\/\/policlinicalacibismartinez.es\/farmacia\/apt\/astaxkrill\/#breadcrumb"},"inLanguage":"es","potentialAction":[{"@type":"ReadAction","target":["https:\/\/policlinicalacibismartinez.es\/farmacia\/apt\/astaxkrill\/"]}]},{"@type":"ImageObject","inLanguage":"es","@id":"https:\/\/policlinicalacibismartinez.es\/farmacia\/apt\/astaxkrill\/#primaryimage","url":"https:\/\/policlinicalacibismartinez.es\/farmacia\/wp-content\/uploads\/2024\/11\/ASTAXKRILL.jpg","contentUrl":"https:\/\/policlinicalacibismartinez.es\/farmacia\/wp-content\/uploads\/2024\/11\/ASTAXKRILL.jpg","width":768,"height":768},{"@type":"BreadcrumbList","@id":"https:\/\/policlinicalacibismartinez.es\/farmacia\/apt\/astaxkrill\/#breadcrumb","itemListElement":[{"@type":"ListItem","position":1,"name":"Strona g\u0142\u00f3wna","item":"https:\/\/policlinicalacibismartinez.es\/farmacia\/"},{"@type":"ListItem","position":2,"name":"Produkte","item":"https:\/\/policlinicalacibismartinez.es\/farmacia\/"},{"@type":"ListItem","position":3,"name":"Astaxkrill"}]},{"@type":"WebSite","@id":"https:\/\/policlinicalacibismartinez.es\/farmacia\/#website","url":"https:\/\/policlinicalacibismartinez.es\/farmacia\/","name":"PoliclinicaLacibisMartinez","description":"","potentialAction":[{"@type":"SearchAction","target":{"@type":"EntryPoint","urlTemplate":"https:\/\/policlinicalacibismartinez.es\/farmacia\/?s={search_term_string}"},"query-input":{"@type":"PropertyValueSpecification","valueRequired":true,"valueName":"search_term_string"}}],"inLanguage":"es"}]}},"_links":{"self":[{"href":"https:\/\/policlinicalacibismartinez.es\/farmacia\/wp-json\/wp\/v2\/product\/11982","targetHints":{"allow":["GET"]}}],"collection":[{"href":"https:\/\/policlinicalacibismartinez.es\/farmacia\/wp-json\/wp\/v2\/product"}],"about":[{"href":"https:\/\/policlinicalacibismartinez.es\/farmacia\/wp-json\/wp\/v2\/types\/product"}],"replies":[{"embeddable":true,"href":"https:\/\/policlinicalacibismartinez.es\/farmacia\/wp-json\/wp\/v2\/comments?post=11982"}],"wp:featuredmedia":[{"embeddable":true,"href":"https:\/\/policlinicalacibismartinez.es\/farmacia\/wp-json\/wp\/v2\/media\/11981"}],"wp:attachment":[{"href":"https:\/\/policlinicalacibismartinez.es\/farmacia\/wp-json\/wp\/v2\/media?parent=11982"}],"wp:term":[{"taxonomy":"product_brand","embeddable":true,"href":"https:\/\/policlinicalacibismartinez.es\/farmacia\/wp-json\/wp\/v2\/product_brand?post=11982"},{"taxonomy":"product_cat","embeddable":true,"href":"https:\/\/policlinicalacibismartinez.es\/farmacia\/wp-json\/wp\/v2\/product_cat?post=11982"},{"taxonomy":"product_tag","embeddable":true,"href":"https:\/\/policlinicalacibismartinez.es\/farmacia\/wp-json\/wp\/v2\/product_tag?post=11982"}],"curies":[{"name":"wp","href":"https:\/\/api.w.org\/{rel}","templated":true}]}}