{"id":11924,"date":"2024-11-09T12:36:09","date_gmt":"2024-11-09T11:36:09","guid":{"rendered":"https:\/\/drdelbarrio.es\/farmacia\/apt\/audiovico\/"},"modified":"2025-01-14T21:16:40","modified_gmt":"2025-01-14T20:16:40","slug":"audiovico","status":"publish","type":"product","link":"https:\/\/policlinicalacibismartinez.es\/farmacia\/apt\/audiovico\/","title":{"rendered":"Audiovico"},"content":{"rendered":"\n<h2 class=\"wp-block-heading\">\u00bfQu\u00e9 es Audiovico y c\u00f3mo funciona?<\/h2>\n\n\n\n<p><b>Audiovico<\/b> es un <em>complemento alimenticio<\/em> desarrollado para personas con problemas de audici\u00f3n. La <em>acci\u00f3n de Audiovico<\/em> se basa en tres aspectos fundamentales. En primer lugar, la formulaci\u00f3n tiene como objetivo eliminar el tinnitus, proporcionando un alivio significativo a las personas con hipersensibilidad auditiva. Act\u00faa de forma integral, lo que se traduce en una mejora de la calidad de vida de los usuarios.<\/p>\n\n\n\n<p>Los estudios han demostrado que el uso regular de Audiovico puede dar lugar a una mejora de la audici\u00f3n de hasta 3 veces en un corto per\u00edodo de tiempo. La eliminaci\u00f3n del tinnitus puede observarse ya a los 2-3 d\u00edas del inicio del tratamiento, lo que es el resultado de la acci\u00f3n eficaz de los ingredientes del preparado. Tras 14 d\u00edas de uso, las personas que toman este suplemento experimentan una audici\u00f3n m\u00e1s clara y su <b>calidad auditiva<\/b> aumenta significativamente.<\/p>\n\n\n\n<p>Los ingredientes clave de Audiovico son el extracto de hoja de ginkgo biloba, conocido por su efecto sobre la circulaci\u00f3n sangu\u00ednea en el o\u00eddo interno. El suplemento tambi\u00e9n contiene zinc, vitaminas B6 y B12, as\u00ed como extracto de flores erectas de terciopelo, que favorecen el sistema nervioso y reducen los radicales libres en las c\u00e9lulas del o\u00eddo. El uso sistem\u00e1tico de este producto contribuye a fortalecer el conducto auditivo externo, lo que es sumamente importante en el entorno ruidoso actual.<\/p>\n\n\n\n<p>Adem\u00e1s de las propiedades mencionadas, <b>Audiovico act\u00faa<\/b> protegiendo el sistema auditivo de posibles da\u00f1os, para que las personas con problemas de audici\u00f3n puedan mejorar su calidad de vida. Entre los raros efectos secundarios que pueden producirse se incluyen reacciones al\u00e9rgicas leves. Definitivamente vale la pena considerar a Audiovico como un apoyo natural en el cuidado diario de la <em>mejora auditiva<\/em>.<\/p>\n\n\n\n<h2 class=\"wp-block-heading\">Audiovico &#8211; efectos<\/h2>\n\n\n\n<p><b>El complemento alimenticio<\/b> Audiovico tiene una serie de efectos que pueden mejorar significativamente la audici\u00f3n en personas con problemas auditivos. El uso regular de este producto mejora la agudeza auditiva y reduce eficazmente los ac\u00fafenos. Los usuarios destacan que los cambios son perceptibles tras unas pocas semanas de uso.<\/p>\n\n\n\n<p><b>Los resultados del uso<\/b> de Audiovico en ensayos cl\u00ednicos demuestran que muchas personas experimentan una mejora de la audici\u00f3n de hasta tres veces en un corto periodo de tiempo. Gracias a ingredientes como el extracto de hoja de Ginkgo Biloba, el zinc y las vitaminas B6 y B12, el suplemento refuerza el sistema nervioso y favorece la funci\u00f3n auditiva. Esta combinaci\u00f3n \u00fanica de ingredientes contribuye a una mejora general de la funci\u00f3n auditiva y a una reducci\u00f3n de la sensibilidad al ruido.<\/p>\n\n\n\n<p><b>La reducci\u00f3n del tinnitus<\/b>, que puede describirse como \u00abpitido\u00bb o \u00abzumbido\u00bb, es otra <b>medida importante de Audiovico<\/b>. Muchas personas que luchan contra este problema notan un considerable confort en condiciones ac\u00fasticas dif\u00edciles, que satisface las necesidades de la vida cotidiana.<\/p>\n\n\n\n<figure class=\"wp-block-table\"><table class=\"has-fixed-layout\"><tbody><tr><th>Efecto<\/th><th>Descripci\u00f3n<\/th><th>Tiempo medio para notar el efecto<\/th><\/tr><tr><td><b>Mejorar la audici\u00f3n<\/b><\/td><td>Aumento de la agudeza auditiva y mejora de la percepci\u00f3n del sonido.<\/td><td>2 semanas<\/td><\/tr><tr><td><b>Reducci\u00f3n de ac\u00fafenos<\/b><\/td><td>Reducci\u00f3n de la intensidad y frecuencia del ruido.<\/td><td>3 semanas<\/td><\/tr><tr><td>Mejora general del sistema nervioso<\/td><td>Mayor resistencia al estr\u00e9s ac\u00fastico y a otros factores externos.<\/td><td>1 mes<\/td><\/tr><\/tbody><\/table><\/figure>\n\n\n\n<p>Los usuarios de Audiovico destacan sus efectos beneficiosos, y sus comentarios indican claramente el impacto positivo de este suplemento en la calidad de vida. Por lo tanto, su uso regular se convierte en un valioso apoyo para las personas que luchan con problemas relacionados con la audici\u00f3n.<\/p>\n\n\n\n<h2 class=\"wp-block-heading\">Dosificaci\u00f3n de Audiovico &#8211; \u00bfC\u00f3mo utilizarlo?<\/h2>\n\n\n\n<p>La <b>dosis<\/b> recomendada <b>de Audiovico<\/b> es de una c\u00e1psula al d\u00eda. Es preferible tomar el producto por la ma\u00f1ana, en ayunas, con un vaso de agua. La regularidad de uso es clave para lograr resultados \u00f3ptimos. No se recomienda superar la dosis recomendada sin consultar al m\u00e9dico.<\/p>\n\n\n\n<p>A la hora de ajustar la dosis de Audiovico a las necesidades individuales, conviene tener en cuenta diversos factores, como la edad, el estilo de vida y el nivel de exposici\u00f3n al ruido. En caso de duda, es aconsejable consultar a su m\u00e9dico para que le oriente sobre la mejor pr\u00e1ctica espec\u00edfica para usted.<\/p>\n\n\n\n<ul class=\"wp-block-list\">\n<li><em>Recomendaciones de uso:<\/em><pre>Polylang marcador de posici\u00f3n no modificar<\/pre><\/li>\n\n\n\n<li><em>Observaciones<\/em><pre>:El marcador de posici\u00f3n Polylang no se modifica<\/pre><\/li>\n<\/ul>\n\n\n\n<p>Una <b>dosis<\/b> adecuada <b>de Audiovico<\/b> y su uso pueden ayudar a mejorar la calidad de la audici\u00f3n, reducir la fatiga auditiva y regenerar la audici\u00f3n da\u00f1ada. Con un uso sistem\u00e1tico, es posible obtener efectos visibles en poco tiempo, lo que subraya a\u00fan m\u00e1s la importancia de seguir las recomendaciones de uso de este complemento alimenticio.<\/p>\n\n\n\n<h2 class=\"wp-block-heading\">Audiovico &#8211; Opiniones y rese\u00f1as &#8211; \u00bfQu\u00e9 opinan los usuarios?<\/h2>\n\n\n\n<p>Las <b>opiniones sobre Audiovico<\/b> son cada vez m\u00e1s populares, y <b>las experiencias de los usuarios<\/b> indican que el suplemento tiene un efecto positivo en la mejora de la audici\u00f3n. Numerosos <b>comentarios<\/b> muestran lo importante que puede ser para apoyar el sistema auditivo utilizando los ingredientes naturales que se encuentran en la formulaci\u00f3n de Audiovico.<\/p>\n\n\n\n<blockquote class=\"wp-block-quote is-layout-flow wp-block-quote-is-layout-flow\">\n<p><em>subraya Janek:<\/em> \u00abCon este suplemento he notado una mejora significativa en la calidad de mi audici\u00f3n. El tinnitus, que antes era un gran problema para m\u00ed, pr\u00e1cticamente ha desaparecido. Me alegro de haberme decidido a utilizar Audiovico\u00bb.<\/p>\n<\/blockquote>\n\n\n\n<blockquote class=\"wp-block-quote is-layout-flow wp-block-quote-is-layout-flow\">\n<p><em>Kasia informa:<\/em> \u00abSufr\u00ed hipersensibilidad auditiva durante mucho tiempo y evitaba los lugares ruidosos. Despu\u00e9s de empezar el tratamiento con Audiovico, not\u00e9 que me siento mucho mejor en ambientes ruidosos. Es el cambio con el que so\u00f1aba\u00bb.<\/p>\n<\/blockquote>\n\n\n\n<blockquote class=\"wp-block-quote is-layout-flow wp-block-quote-is-layout-flow\">\n<p><em>describe Robert:<\/em> \u00abEstaba harto de la mala calidad del sonido y de la creciente dificultad para mantener conversaciones. Desde que utilizo Audiovico, mi bienestar general ha mejorado considerablemente. Realmente funciona\u00bb.<\/p>\n<\/blockquote>\n\n\n\n<p>Innumerables <em>rese\u00f1as de Audiovico<\/em> demuestran que el suplemento no s\u00f3lo favorece la salud del sistema auditivo, sino que tambi\u00e9n proporciona alivio a quienes luchan con problemas de audici\u00f3n. Quienes han compartido sus <em>experiencias como usuarios<\/em> confirman mejoras significativas. Estos <em>comentarios<\/em> positivos pueden indicar la creciente popularidad del producto entre quienes buscan soluciones naturales para su audici\u00f3n.<\/p>\n\n\n\n<h2 class=\"wp-block-heading\">Audiovico &#8211; Composici\u00f3n &#8211; \u00bfQu\u00e9 contiene?<\/h2>\n\n\n\n<p><b>La composici\u00f3n de Audiovico<\/b> incluye una serie de <em>ingredientes naturales<\/em> que favorecen la salud auditiva. Los componentes clave incluyen:<\/p>\n\n\n\n<ul class=\"wp-block-list\">\n<li><strong>Extracto de hoja de Ginkgo biloba<\/strong>: favorece la circulaci\u00f3n en el o\u00eddo, lo que repercute positivamente en <b>la calidad de la audici\u00f3n<\/b>.<\/li>\n\n\n\n<li><strong>Zinc<\/strong>: desempe\u00f1a un papel clave en la funci\u00f3n nerviosa normal, lo que favorece la salud del sistema auditivo.<\/li>\n\n\n\n<li><strong>Vitaminas B6 y B12<\/strong>: tienen funciones antioxidantes y protegen las c\u00e9lulas nerviosas de los da\u00f1os que puede provocar el ruido.<\/li>\n\n\n\n<li><strong>Extracto de flor de terciopelo erecto<\/strong> &#8211; mejora la funci\u00f3n auditiva, haciendo de Audiovico un apoyo integral.<\/li>\n<\/ul>\n\n\n\n<p>El uso regular del complemento puede producir efectos visibles, como la mejora de la agudeza auditiva y la reducci\u00f3n de los ac\u00fafenos. Las personas que han utilizado Audiovico han notado <em>una mejora significativa de<\/em> la calidad de la audici\u00f3n, lo que confirma la eficacia de su composici\u00f3n. <strong>Lo que contiene<\/strong> el producto son <b>ingredientes naturales<\/b> que minimizan el riesgo de efectos secundarios, y su efecto adecuado depende de la predisposici\u00f3n individual.<\/p>\n\n\n\n<h2 class=\"wp-block-heading\">D\u00f3nde comprar Audiovico &#8211; precio<\/h2>\n\n\n\n<p>Audiovico s\u00f3lo puede adquirirse en el sitio web oficial del fabricante, lo que garantiza la originalidad del producto. Comprar en el sitio web del fabricante es ventajoso por la disponibilidad de promociones y descuentos. Actualmente, se ofrece un descuento <em>del 50%<\/em>, lo que hace que la oferta sea a\u00fan m\u00e1s atractiva. Tenga en cuenta que el suplemento no est\u00e1 disponible en farmacias estacionarias, por lo que la mejor forma de adquirirlo es utilizar <em>la oferta del<\/em> fabricante.<\/p>\n\n\n\n<p>Los precios de Audiovico pueden variar en funci\u00f3n de las promociones vigentes y de los paquetes seleccionados, lo que le brinda la oportunidad de ahorrar en su compra. Encontrar el precio y la oferta adecuados requiere una visita al sitio web oficial, donde tambi\u00e9n podr\u00e1 obtener m\u00e1s informaci\u00f3n sobre la formulaci\u00f3n.<\/p>\n\n\n\n<p>Vale la pena a\u00f1adir a sus compras Audiovico trav\u00e9s de la p\u00e1gina web oficial, no s\u00f3lo por seguridad, sino tambi\u00e9n para aprovechar las atractivas ofertas. Ciertamente, las compras en l\u00ednea est\u00e1n creciendo en popularidad, as\u00ed que aproveche al m\u00e1ximo la oportunidad y comprobar <b>d\u00f3nde comprar Audiovico<\/b>.<\/p>\n\n\n\n<h2 class=\"wp-block-heading\">Audiovico &#8211; Efectos secundarios y contraindicaciones<\/h2>\n\n\n\n<p>Audiovico es un <b>suplemento diet\u00e9tico<\/b> que en general se considera seguro, pero como cualquier producto, puede provocar algunos efectos secundarios. Lo m\u00e1s habitual es que se produzcan reacciones al\u00e9rgicas suaves en personas con intolerancia a alguno de sus ingredientes, como el magnesio, el zinc o el extracto de ginkgo biloba. Por este motivo, es aconsejable consultar a un m\u00e9dico antes de iniciar un tratamiento, sobre todo en el caso de quienes padecen afecciones m\u00e9dicas o dolencias cr\u00f3nicas.<\/p>\n\n\n\n<p>La <b>seguridad de<\/b> Audiovico aumenta si se conoce la composici\u00f3n completa del suplemento, de modo que puedan evitarse posibles reacciones al\u00e9rgicas. Las mujeres embarazadas, las madres lactantes y las personas con problemas de audici\u00f3n deben prestar especial atenci\u00f3n a <b>las contraindicaciones<\/b> asociadas a su ingesta. El uso regular del suplemento debe ajustarse a las dosis recomendadas para maximizar los beneficios y minimizar el riesgo de cualquier efecto secundario de Audiovico.<\/p>\n\n\n\n<p>En conclusi\u00f3n, Audiovico puede aportar muchos beneficios para la salud auditiva, pero es fundamental conocer las contraindicaciones y los posibles efectos secundarios. Es aconsejable introducir suplementos en la dieta con precauci\u00f3n para mejorar la vida de forma saludable y segura.<\/p>\n","protected":false},"excerpt":{"rendered":"<p><strong>[date_countdown]<\/strong><\/p>\n<p><img decoding=\"async\" class=\"alignnone  wp-image-12413\" src=\"https:\/\/policlinicalacibismartinez.es\/farmacia\/wp-content\/uploads\/2024\/11\/SAFE-PAY-300x88-1.png\" alt=\"SAFE-PAY\" width=\"170\" height=\"50\" \/><\/p>\n","protected":false},"featured_media":11923,"comment_status":"open","ping_status":"closed","template":"","meta":{"neve_meta_sidebar":"","neve_meta_container":"","neve_meta_enable_content_width":"","neve_meta_content_width":0,"neve_meta_title_alignment":"","neve_meta_author_avatar":"","neve_post_elements_order":"","neve_meta_disable_header":"","neve_meta_disable_footer":"","neve_meta_disable_title":"","neve_meta_reading_time":""},"product_brand":[],"product_cat":[33],"product_tag":[],"class_list":{"0":"post-11924","1":"product","2":"type-product","3":"status-publish","4":"has-post-thumbnail","6":"product_cat-salud","8":"first","9":"instock","10":"sale","11":"shipping-taxable","12":"product-type-external"},"yoast_head":"<!-- This site is optimized with the Yoast SEO plugin v27.4 - https:\/\/yoast.com\/product\/yoast-seo-wordpress\/ -->\n<title>Audiovico - Opiniones, Foro, Precio, Farmacia, Efectos | -50%<\/title>\n<meta name=\"robots\" content=\"index, follow, max-snippet:-1, max-image-preview:large, max-video-preview:-1\" \/>\n<link rel=\"canonical\" href=\"https:\/\/policlinicalacibismartinez.es\/farmacia\/apt\/audiovico\/\" \/>\n<meta property=\"og:locale\" content=\"es_ES\" \/>\n<meta property=\"og:type\" content=\"article\" \/>\n<meta property=\"og:title\" content=\"Audiovico - Opiniones, Foro, Precio, Farmacia, Efectos | -50%\" \/>\n<meta property=\"og:url\" content=\"https:\/\/policlinicalacibismartinez.es\/farmacia\/apt\/audiovico\/\" \/>\n<meta property=\"og:site_name\" content=\"PoliclinicaLacibisMartinez\" \/>\n<meta property=\"article:modified_time\" content=\"2025-01-14T20:16:40+00:00\" \/>\n<meta property=\"og:image\" content=\"https:\/\/policlinicalacibismartinez.es\/farmacia\/wp-content\/uploads\/2024\/11\/Audiovico.jpg\" \/>\n\t<meta property=\"og:image:width\" content=\"768\" \/>\n\t<meta property=\"og:image:height\" content=\"768\" \/>\n\t<meta property=\"og:image:type\" content=\"image\/jpeg\" \/>\n<meta name=\"twitter:card\" content=\"summary_large_image\" \/>\n<meta name=\"twitter:description\" content=\"[date_countdown]\" \/>\n<meta name=\"twitter:label1\" content=\"Tiempo de lectura\" \/>\n\t<meta name=\"twitter:data1\" content=\"1 minuto\" \/>\n<script type=\"application\/ld+json\" class=\"yoast-schema-graph\">{\"@context\":\"https:\\\/\\\/schema.org\",\"@graph\":[{\"@type\":\"WebPage\",\"@id\":\"https:\\\/\\\/policlinicalacibismartinez.es\\\/farmacia\\\/apt\\\/audiovico\\\/\",\"url\":\"https:\\\/\\\/policlinicalacibismartinez.es\\\/farmacia\\\/apt\\\/audiovico\\\/\",\"name\":\"Audiovico - Opiniones, Foro, Precio, Farmacia, Efectos | -50%\",\"isPartOf\":{\"@id\":\"https:\\\/\\\/policlinicalacibismartinez.es\\\/farmacia\\\/#website\"},\"primaryImageOfPage\":{\"@id\":\"https:\\\/\\\/policlinicalacibismartinez.es\\\/farmacia\\\/apt\\\/audiovico\\\/#primaryimage\"},\"image\":{\"@id\":\"https:\\\/\\\/policlinicalacibismartinez.es\\\/farmacia\\\/apt\\\/audiovico\\\/#primaryimage\"},\"thumbnailUrl\":\"https:\\\/\\\/policlinicalacibismartinez.es\\\/farmacia\\\/wp-content\\\/uploads\\\/2024\\\/11\\\/Audiovico.jpg\",\"datePublished\":\"2024-11-09T11:36:09+00:00\",\"dateModified\":\"2025-01-14T20:16:40+00:00\",\"breadcrumb\":{\"@id\":\"https:\\\/\\\/policlinicalacibismartinez.es\\\/farmacia\\\/apt\\\/audiovico\\\/#breadcrumb\"},\"inLanguage\":\"es\",\"potentialAction\":[{\"@type\":\"ReadAction\",\"target\":[\"https:\\\/\\\/policlinicalacibismartinez.es\\\/farmacia\\\/apt\\\/audiovico\\\/\"]}]},{\"@type\":\"ImageObject\",\"inLanguage\":\"es\",\"@id\":\"https:\\\/\\\/policlinicalacibismartinez.es\\\/farmacia\\\/apt\\\/audiovico\\\/#primaryimage\",\"url\":\"https:\\\/\\\/policlinicalacibismartinez.es\\\/farmacia\\\/wp-content\\\/uploads\\\/2024\\\/11\\\/Audiovico.jpg\",\"contentUrl\":\"https:\\\/\\\/policlinicalacibismartinez.es\\\/farmacia\\\/wp-content\\\/uploads\\\/2024\\\/11\\\/Audiovico.jpg\",\"width\":768,\"height\":768},{\"@type\":\"BreadcrumbList\",\"@id\":\"https:\\\/\\\/policlinicalacibismartinez.es\\\/farmacia\\\/apt\\\/audiovico\\\/#breadcrumb\",\"itemListElement\":[{\"@type\":\"ListItem\",\"position\":1,\"name\":\"Strona g\u0142\u00f3wna\",\"item\":\"https:\\\/\\\/policlinicalacibismartinez.es\\\/farmacia\\\/\"},{\"@type\":\"ListItem\",\"position\":2,\"name\":\"Produkte\",\"item\":\"https:\\\/\\\/policlinicalacibismartinez.es\\\/farmacia\\\/\"},{\"@type\":\"ListItem\",\"position\":3,\"name\":\"Audiovico\"}]},{\"@type\":\"WebSite\",\"@id\":\"https:\\\/\\\/policlinicalacibismartinez.es\\\/farmacia\\\/#website\",\"url\":\"https:\\\/\\\/policlinicalacibismartinez.es\\\/farmacia\\\/\",\"name\":\"PoliclinicaLacibisMartinez\",\"description\":\"\",\"potentialAction\":[{\"@type\":\"SearchAction\",\"target\":{\"@type\":\"EntryPoint\",\"urlTemplate\":\"https:\\\/\\\/policlinicalacibismartinez.es\\\/farmacia\\\/?s={search_term_string}\"},\"query-input\":{\"@type\":\"PropertyValueSpecification\",\"valueRequired\":true,\"valueName\":\"search_term_string\"}}],\"inLanguage\":\"es\"}]}<\/script>\n<!-- \/ Yoast SEO plugin. -->","yoast_head_json":{"title":"Audiovico - Opiniones, Foro, Precio, Farmacia, Efectos | -50%","robots":{"index":"index","follow":"follow","max-snippet":"max-snippet:-1","max-image-preview":"max-image-preview:large","max-video-preview":"max-video-preview:-1"},"canonical":"https:\/\/policlinicalacibismartinez.es\/farmacia\/apt\/audiovico\/","og_locale":"es_ES","og_type":"article","og_title":"Audiovico - Opiniones, Foro, Precio, Farmacia, Efectos | -50%","og_url":"https:\/\/policlinicalacibismartinez.es\/farmacia\/apt\/audiovico\/","og_site_name":"PoliclinicaLacibisMartinez","article_modified_time":"2025-01-14T20:16:40+00:00","og_image":[{"width":768,"height":768,"url":"https:\/\/policlinicalacibismartinez.es\/farmacia\/wp-content\/uploads\/2024\/11\/Audiovico.jpg","type":"image\/jpeg"}],"twitter_card":"summary_large_image","twitter_description":"[date_countdown]","twitter_misc":{"Tiempo de lectura":"1 minuto"},"schema":{"@context":"https:\/\/schema.org","@graph":[{"@type":"WebPage","@id":"https:\/\/policlinicalacibismartinez.es\/farmacia\/apt\/audiovico\/","url":"https:\/\/policlinicalacibismartinez.es\/farmacia\/apt\/audiovico\/","name":"Audiovico - Opiniones, Foro, Precio, Farmacia, Efectos | -50%","isPartOf":{"@id":"https:\/\/policlinicalacibismartinez.es\/farmacia\/#website"},"primaryImageOfPage":{"@id":"https:\/\/policlinicalacibismartinez.es\/farmacia\/apt\/audiovico\/#primaryimage"},"image":{"@id":"https:\/\/policlinicalacibismartinez.es\/farmacia\/apt\/audiovico\/#primaryimage"},"thumbnailUrl":"https:\/\/policlinicalacibismartinez.es\/farmacia\/wp-content\/uploads\/2024\/11\/Audiovico.jpg","datePublished":"2024-11-09T11:36:09+00:00","dateModified":"2025-01-14T20:16:40+00:00","breadcrumb":{"@id":"https:\/\/policlinicalacibismartinez.es\/farmacia\/apt\/audiovico\/#breadcrumb"},"inLanguage":"es","potentialAction":[{"@type":"ReadAction","target":["https:\/\/policlinicalacibismartinez.es\/farmacia\/apt\/audiovico\/"]}]},{"@type":"ImageObject","inLanguage":"es","@id":"https:\/\/policlinicalacibismartinez.es\/farmacia\/apt\/audiovico\/#primaryimage","url":"https:\/\/policlinicalacibismartinez.es\/farmacia\/wp-content\/uploads\/2024\/11\/Audiovico.jpg","contentUrl":"https:\/\/policlinicalacibismartinez.es\/farmacia\/wp-content\/uploads\/2024\/11\/Audiovico.jpg","width":768,"height":768},{"@type":"BreadcrumbList","@id":"https:\/\/policlinicalacibismartinez.es\/farmacia\/apt\/audiovico\/#breadcrumb","itemListElement":[{"@type":"ListItem","position":1,"name":"Strona g\u0142\u00f3wna","item":"https:\/\/policlinicalacibismartinez.es\/farmacia\/"},{"@type":"ListItem","position":2,"name":"Produkte","item":"https:\/\/policlinicalacibismartinez.es\/farmacia\/"},{"@type":"ListItem","position":3,"name":"Audiovico"}]},{"@type":"WebSite","@id":"https:\/\/policlinicalacibismartinez.es\/farmacia\/#website","url":"https:\/\/policlinicalacibismartinez.es\/farmacia\/","name":"PoliclinicaLacibisMartinez","description":"","potentialAction":[{"@type":"SearchAction","target":{"@type":"EntryPoint","urlTemplate":"https:\/\/policlinicalacibismartinez.es\/farmacia\/?s={search_term_string}"},"query-input":{"@type":"PropertyValueSpecification","valueRequired":true,"valueName":"search_term_string"}}],"inLanguage":"es"}]}},"_links":{"self":[{"href":"https:\/\/policlinicalacibismartinez.es\/farmacia\/wp-json\/wp\/v2\/product\/11924","targetHints":{"allow":["GET"]}}],"collection":[{"href":"https:\/\/policlinicalacibismartinez.es\/farmacia\/wp-json\/wp\/v2\/product"}],"about":[{"href":"https:\/\/policlinicalacibismartinez.es\/farmacia\/wp-json\/wp\/v2\/types\/product"}],"replies":[{"embeddable":true,"href":"https:\/\/policlinicalacibismartinez.es\/farmacia\/wp-json\/wp\/v2\/comments?post=11924"}],"wp:featuredmedia":[{"embeddable":true,"href":"https:\/\/policlinicalacibismartinez.es\/farmacia\/wp-json\/wp\/v2\/media\/11923"}],"wp:attachment":[{"href":"https:\/\/policlinicalacibismartinez.es\/farmacia\/wp-json\/wp\/v2\/media?parent=11924"}],"wp:term":[{"taxonomy":"product_brand","embeddable":true,"href":"https:\/\/policlinicalacibismartinez.es\/farmacia\/wp-json\/wp\/v2\/product_brand?post=11924"},{"taxonomy":"product_cat","embeddable":true,"href":"https:\/\/policlinicalacibismartinez.es\/farmacia\/wp-json\/wp\/v2\/product_cat?post=11924"},{"taxonomy":"product_tag","embeddable":true,"href":"https:\/\/policlinicalacibismartinez.es\/farmacia\/wp-json\/wp\/v2\/product_tag?post=11924"}],"curies":[{"name":"wp","href":"https:\/\/api.w.org\/{rel}","templated":true}]}}