{"id":11888,"date":"2024-11-09T12:35:50","date_gmt":"2024-11-09T11:35:50","guid":{"rendered":"https:\/\/drdelbarrio.es\/farmacia\/apt\/breast-fast\/"},"modified":"2025-01-14T21:44:37","modified_gmt":"2025-01-14T20:44:37","slug":"breast-fast","status":"publish","type":"product","link":"https:\/\/policlinicalacibismartinez.es\/farmacia\/apt\/breast-fast\/","title":{"rendered":"Breast Fast"},"content":{"rendered":"\n<h2 class=\"wp-block-heading\">\u00bfQu\u00e9 es Breast Fast y c\u00f3mo funciona?<\/h2>\n\n\n\n<p><b>Breast Fast<\/b> es un <em>complemento alimenticio<\/em> de alta calidad dise\u00f1ado para favorecer el aumento del pecho. Favorece el desarrollo del tejido mamario gracias a sus principios activos naturales. Un aspecto clave de su <em>acci\u00f3n<\/em> es la estimulaci\u00f3n de la producci\u00f3n de estr\u00f3genos, las hormonas responsables del desarrollo mamario. Las investigaciones actuales indican que hasta el 70% de las mujeres de todo el mundo no est\u00e1n satisfechas con el tama\u00f1o de sus pechos, por lo que productos como <b>Breast<\/b> Fast resultan esenciales para mejorar la silueta.<\/p>\n\n\n\n<p>Estos ingredientes favorecen el crecimiento natural de los senos, ofreciendo a las mujeres de todo el mundo la oportunidad de mejorar su aspecto de forma sana y eficaz. Se recomienda utilizar <em>Breast Fast<\/em> como parte de un plan m\u00e1s amplio para verse y sentirse bien con su figura. Merece la pena consultar los foros en l\u00ednea donde las usuarias comparten sus experiencias con este suplemento.<\/p>\n\n\n\n<p>El uso adecuado de este <em>suplemento diet\u00e9tico<\/em> puede producir <b>resultados nota<\/b> bles y mejorar el bienestar de las mujeres que buscan aumentar su confianza.<\/p>\n\n\n\n<h2 class=\"wp-block-heading\">Breast Fast &#8211; efectos del uso<\/h2>\n\n\n\n<p><b>Breast Fast<\/b> es un <b>suplemento diet\u00e9tico<\/b> dise\u00f1ado para mujeres que desean <em>conseguir un aumento notable del pecho<\/em>. Las usuarias suelen informar de <em>efectos<\/em> positivos, como el aumento del volumen mamario y la mejora de la firmeza. Su uso regular puede producir resultados visibles en tan solo unas semanas, y los <b>efectos<\/b> completos suelen conseguirse al cabo de tres meses de dieta.<\/p>\n\n\n\n<p>Los <b>comentarios de<\/b> las usuarias sobre la <em>eficacia de<\/em> Breast Fast muestran que la mayor\u00eda de las personas notan transformaciones tanto en su aspecto como en su estado de \u00e1nimo. Muchas mujeres informan de un aumento de la confianza en s\u00ed mismas y de cambios positivos en su percepci\u00f3n corporal.<\/p>\n\n\n\n<figure class=\"wp-block-table\"><table class=\"has-fixed-layout\"><tbody><tr><th>Efecto<\/th><th>Tiempo para notar los efectos<\/th><th>Evaluaci\u00f3n de usuarios<\/th><\/tr><tr><td>Aumento del volumen del busto<\/td><td>2-3 semanas<\/td><td>85% positivo<\/td><\/tr><tr><td>Mejorar la firmeza de los senos<\/td><td>1 mes<\/td><td>90% positivo<\/td><\/tr><tr><td>Bienestar general<\/td><td>Primeros cambios a las 3 semanas<\/td><td>80% positivo<\/td><\/tr><\/tbody><\/table><\/figure>\n\n\n\n<h2 class=\"wp-block-heading\">Posolog\u00eda de Breast Fast &#8211; \u00bfC\u00f3mo utilizarlo?<\/h2>\n\n\n\n<p>De acuerdo con las recomendaciones del fabricante, <b>la dosificaci\u00f3n<\/b> del suplemento Breast Fast debe seguirse cuidadosamente. Es importante tomar un comprimido al d\u00eda, preferiblemente con una comida. Este m\u00e9todo de ingesta favorece una mejor absorci\u00f3n de los principios activos, lo que puede aumentar la <b>eficacia<\/b> del producto.<\/p>\n\n\n\n<p>Se recomienda utilizar Breast Fast durante al menos tres meses para obtener resultados visibles. Quienes no sigan las recomendaciones podr\u00edan no ver los resultados esperados. Adem\u00e1s de la dosis, tambi\u00e9n es importante la regularidad en la toma del suplemento. Ser sistem\u00e1tico ayudar\u00e1 a conseguir mejores resultados.<\/p>\n\n\n\n<figure class=\"wp-block-table\"><table class=\"has-fixed-layout\"><tbody><tr><th>Aspecto<\/th><th>Descripci\u00f3n<\/th><\/tr><tr><td><b>Dosificaci\u00f3n<\/b><\/td><td>1 comprimido al d\u00eda<\/td><\/tr><tr><td>Mejor hora de recepci\u00f3n<\/td><td>Durante la comida<\/td><\/tr><tr><td>Duraci\u00f3n del tratamiento<\/td><td>M\u00ednimo 3 meses<\/td><\/tr><\/tbody><\/table><\/figure>\n\n\n\n<p>En resumen, para maximizar los efectos de Breast Fast, es importante recordar tomar las dosis con regularidad y seguir las recomendaciones del fabricante. Estas sencillas reglas pueden marcar una diferencia significativa en los resultados y en la satisfacci\u00f3n con los resultados obtenidos.<\/p>\n\n\n\n<h2 class=\"wp-block-heading\">Breast Fast &#8211; Opiniones y cr\u00edticas, Foro<\/h2>\n\n\n\n<p><b>Las opiniones de<\/b> los usuarios desempe\u00f1an un papel fundamental a la hora de evaluar la eficacia de Breast Fast. En las plataformas de opiniones, este suplemento ha recibido una impresionante puntuaci\u00f3n de 4,95 sobre 5 estrellas. Las variadas experiencias de aquellos que han optado por utilizarlo son ampliamente discutidas en foros en l\u00ednea, proporcionando una imagen completa de c\u00f3mo funciona.<\/p>\n\n\n\n<blockquote class=\"wp-block-quote is-layout-flow wp-block-quote-is-layout-flow\">\n<p><em>Kasia<\/em>: \u00abUtilic\u00e9 Breast Fast durante 4 meses y not\u00e9 una mejora significativa en la firmeza de mis pechos. Adem\u00e1s, me sent\u00ed m\u00e1s femenina. Definitivamente vale la pena probarlo, especialmente si buscas m\u00e9todos naturales de aumento.\u00bb<\/p>\n<\/blockquote>\n\n\n\n<blockquote class=\"wp-block-quote is-layout-flow wp-block-quote-is-layout-flow\">\n<p><em>Martyna<\/em>: \u00abAl principio era esc\u00e9ptica, pero los efectos al cabo de dos meses fueron notables. El busto se llen\u00f3 y mi piel adquiri\u00f3 un aspecto m\u00e1s bonito. Se lo recomendar\u00eda a cualquiera que busque formas naturales de <b>aumentar el pecho<\/b>.\u00bb<\/p>\n<\/blockquote>\n\n\n\n<blockquote class=\"wp-block-quote is-layout-flow wp-block-quote-is-layout-flow\">\n<p><em>Ania<\/em>: \u00abNo s\u00f3lo mis pechos se han llenado m\u00e1s, sino que mi piel tambi\u00e9n ha ganado elasticidad. Puedo confirmar definitivamente que Breast Fast es algo m\u00e1s que un suplemento: \u00a1es una inversi\u00f3n en m\u00ed misma!\u00bb.<\/p>\n<\/blockquote>\n\n\n\n<p>Muchas usuarias tambi\u00e9n destacaron que el uso de Breast Fast les aport\u00f3 un mayor bienestar psicol\u00f3gico, lo que puede ser comprensible en el contexto del estudio ISAPS. La baja autoestima asociada al tama\u00f1o de los senos afecta a las emociones de las mujeres, por lo que los resultados del uso de este suplemento pueden tener implicaciones m\u00e1s complejas que las meramente cosm\u00e9ticas.<\/p>\n\n\n\n<h2 class=\"wp-block-heading\">Breast Fast &#8211; Composici\u00f3n &#8211; An\u00e1lisis de ingredientes<\/h2>\n\n\n\n<p>La <b>composici\u00f3n<\/b> del suplemento Breast Fast es clave para su eficacia en el proceso natural de aumento de pecho. La f\u00f3rmula contiene una serie de extractos vegetales conocidos por sus propiedades que favorecen la salud de los senos. Los fitoestr\u00f3genos, un ingrediente esencial, tienen la capacidad de imitar la acci\u00f3n del estr\u00f3geno en el organismo, lo que puede regular el equilibrio hormonal y contribuir al crecimiento del tejido mamario.<\/p>\n\n\n\n<p><b>El an\u00e1lisis de los ingredientes<\/b> revela que el suplemento est\u00e1 enriquecido con muchas sustancias valiosas que tienen un efecto positivo en el organismo. A continuaci\u00f3n se presenta un resumen de los ingredientes m\u00e1s importantes junto con sus propiedades:<\/p>\n\n\n\n<figure class=\"wp-block-table\"><table class=\"has-fixed-layout\"><tbody><tr><th>Componente<\/th><th>Propiedades<\/th><\/tr><tr><td>Fitoestr\u00f3genos de las semillas de lino<\/td><td>Regulan los niveles hormonales y favorecen la salud de los senos.<\/td><\/tr><tr><td>Extracto de soja<\/td><td>Puede beneficiar la salud de los senos por su contenido en fitoestr\u00f3genos.<\/td><\/tr><tr><td>Hinojo<\/td><td>Favorece el desarrollo sano del pecho.<\/td><\/tr><tr><td>Extracto de semilla de granada<\/td><td>Rico en antioxidantes, protege las c\u00e9lulas mamarias.<\/td><\/tr><tr><td>Alholva<\/td><td>Estimula el crecimiento del tejido mamario.<\/td><\/tr><tr><td>Camote silvestre<\/td><td>Favorece el equilibrio hormonal y el crecimiento del busto.<\/td><\/tr><\/tbody><\/table><\/figure>\n\n\n\n<p>Cabe destacar que la <b>composici\u00f3n<\/b> del suplemento Breast Fast se basa en ingredientes seleccionados de alta calidad, lo que confirma su fiabilidad como producto. El contenido de vitaminas y minerales esenciales hace que el producto no s\u00f3lo sea eficaz, sino tambi\u00e9n seguro para la salud. Antes de empezar a utilizarlo, merece la pena realizar un an\u00e1lisis de los ingredientes para comprender el potencial y los beneficios del suplemento.<\/p>\n\n\n\n<h2 class=\"wp-block-heading\">D\u00f3nde comprar Breast Fast &#8211; precio<\/h2>\n\n\n\n<p>Breast Fast s\u00f3lo puede adquirirse a trav\u00e9s <em>del sitio web oficial del fabricante<\/em>. La compra en el sitio web oficial garantiza el acceso a las promociones y descuentos m\u00e1s actualizados, lo que repercute en el <em>precio<\/em> final del suplemento. Cabe destacar que el producto no est\u00e1 disponible en farmacias estacionarias, lo que elimina el riesgo de adquirir falsificaciones o productos que no cumplan con los est\u00e1ndares de calidad.<\/p>\n\n\n\n<p>Al elegir comprar directamente <em>al fabricante oficial<\/em>, los clientes reciben una garant\u00eda total de seguridad y alta calidad. Esta compra es una recomendaci\u00f3n definitiva para todos aquellos que deseen aumentar sus pechos de forma natural y segura.<\/p>\n\n\n\n<p>Comprar en el sitio web oficial tambi\u00e9n le permite seguir ofertas detalladas y aprovechar promociones atractivas, que pueden afectar significativamente al <em>precio<\/em> final del producto. Recuerda evitar a los vendedores no autorizados, que pueden ofrecer Breast Fast en condiciones desfavorables o de mala calidad.<\/p>\n\n\n\n<h2 class=\"wp-block-heading\">Posibles efectos secundarios y contraindicaciones del uso de Breast Fast<\/h2>\n\n\n\n<p>Cualquier <b>suplemento diet\u00e9tico<\/b>, incluido Breast Fast, puede asociarse a ciertos efectos secundarios, especialmente cuando se utiliza de forma inadecuada o excesiva. Las usuarias pueden experimentar molestias como dolores de cabeza, problemas digestivos o reacciones al\u00e9rgicas. Conocer los posibles efectos secundarios es crucial antes de decidirse a iniciar el tratamiento.<\/p>\n\n\n\n<p>Tambi\u00e9n cabe destacar <b>las contraindicaciones<\/b> del uso de Breast Fast. El suplemento no est\u00e1 recomendado para mujeres embarazadas o en per\u00edodo de lactancia, ni para aquellas que luchan con problemas hormonales o que tienen antecedentes de alergias a los ingredientes del producto. Consultar a su m\u00e9dico antes de empezar a tomar el suplemento puede ayudarle a comprender sus riesgos individuales y proporcionarle informaci\u00f3n importante sobre los posibles efectos secundarios.<\/p>\n\n\n\n<p>Aunque las investigaciones indican que s\u00f3lo el 10% de las usuarias experimentaron s\u00edntomas estomacales leves, es importante que cualquier persona que inicie un tratamiento sea consciente de estos factores. Si cuida su salud y su seguridad, podr\u00e1 sentirse m\u00e1s c\u00f3modo con Breast Fast y disfrutar de sus beneficios potenciales para aumentar el volumen del busto.<\/p>\n","protected":false},"excerpt":{"rendered":"<p><strong>[date_countdown]<\/strong><\/p>\n<p><img decoding=\"async\" class=\"alignnone  wp-image-12413\" src=\"https:\/\/policlinicalacibismartinez.es\/farmacia\/wp-content\/uploads\/2024\/11\/SAFE-PAY-300x88-1.png\" alt=\"SAFE-PAY\" width=\"170\" height=\"50\" \/><\/p>\n","protected":false},"featured_media":11887,"comment_status":"open","ping_status":"closed","template":"","meta":{"neve_meta_sidebar":"","neve_meta_container":"","neve_meta_enable_content_width":"","neve_meta_content_width":0,"neve_meta_title_alignment":"","neve_meta_author_avatar":"","neve_post_elements_order":"","neve_meta_disable_header":"","neve_meta_disable_footer":"","neve_meta_disable_title":"","neve_meta_reading_time":""},"product_brand":[],"product_cat":[33],"product_tag":[],"class_list":{"0":"post-11888","1":"product","2":"type-product","3":"status-publish","4":"has-post-thumbnail","6":"product_cat-salud","8":"first","9":"instock","10":"sale","11":"shipping-taxable","12":"product-type-external"},"yoast_head":"<!-- This site is optimized with the Yoast SEO plugin v27.4 - https:\/\/yoast.com\/product\/yoast-seo-wordpress\/ -->\n<title>Breast Fast - Opiniones, Foro, Precio, Farmacia, Efectos | -50%<\/title>\n<meta name=\"robots\" content=\"index, follow, max-snippet:-1, max-image-preview:large, max-video-preview:-1\" \/>\n<link rel=\"canonical\" href=\"https:\/\/policlinicalacibismartinez.es\/farmacia\/apt\/breast-fast\/\" \/>\n<meta property=\"og:locale\" content=\"es_ES\" \/>\n<meta property=\"og:type\" content=\"article\" \/>\n<meta property=\"og:title\" content=\"Breast Fast - Opiniones, Foro, Precio, Farmacia, Efectos | -50%\" \/>\n<meta property=\"og:url\" content=\"https:\/\/policlinicalacibismartinez.es\/farmacia\/apt\/breast-fast\/\" \/>\n<meta property=\"og:site_name\" content=\"PoliclinicaLacibisMartinez\" \/>\n<meta property=\"article:modified_time\" content=\"2025-01-14T20:44:37+00:00\" \/>\n<meta property=\"og:image\" content=\"https:\/\/policlinicalacibismartinez.es\/farmacia\/wp-content\/uploads\/2024\/11\/Breast-Fast.jpg\" \/>\n\t<meta property=\"og:image:width\" content=\"768\" \/>\n\t<meta property=\"og:image:height\" content=\"768\" \/>\n\t<meta property=\"og:image:type\" content=\"image\/jpeg\" \/>\n<meta name=\"twitter:card\" content=\"summary_large_image\" \/>\n<meta name=\"twitter:description\" content=\"[date_countdown]\" \/>\n<meta name=\"twitter:label1\" content=\"Tiempo de lectura\" \/>\n\t<meta name=\"twitter:data1\" content=\"1 minuto\" \/>\n<script type=\"application\/ld+json\" class=\"yoast-schema-graph\">{\"@context\":\"https:\\\/\\\/schema.org\",\"@graph\":[{\"@type\":\"WebPage\",\"@id\":\"https:\\\/\\\/policlinicalacibismartinez.es\\\/farmacia\\\/apt\\\/breast-fast\\\/\",\"url\":\"https:\\\/\\\/policlinicalacibismartinez.es\\\/farmacia\\\/apt\\\/breast-fast\\\/\",\"name\":\"Breast Fast - Opiniones, Foro, Precio, Farmacia, Efectos | -50%\",\"isPartOf\":{\"@id\":\"https:\\\/\\\/policlinicalacibismartinez.es\\\/farmacia\\\/#website\"},\"primaryImageOfPage\":{\"@id\":\"https:\\\/\\\/policlinicalacibismartinez.es\\\/farmacia\\\/apt\\\/breast-fast\\\/#primaryimage\"},\"image\":{\"@id\":\"https:\\\/\\\/policlinicalacibismartinez.es\\\/farmacia\\\/apt\\\/breast-fast\\\/#primaryimage\"},\"thumbnailUrl\":\"https:\\\/\\\/policlinicalacibismartinez.es\\\/farmacia\\\/wp-content\\\/uploads\\\/2024\\\/11\\\/Breast-Fast.jpg\",\"datePublished\":\"2024-11-09T11:35:50+00:00\",\"dateModified\":\"2025-01-14T20:44:37+00:00\",\"breadcrumb\":{\"@id\":\"https:\\\/\\\/policlinicalacibismartinez.es\\\/farmacia\\\/apt\\\/breast-fast\\\/#breadcrumb\"},\"inLanguage\":\"es\",\"potentialAction\":[{\"@type\":\"ReadAction\",\"target\":[\"https:\\\/\\\/policlinicalacibismartinez.es\\\/farmacia\\\/apt\\\/breast-fast\\\/\"]}]},{\"@type\":\"ImageObject\",\"inLanguage\":\"es\",\"@id\":\"https:\\\/\\\/policlinicalacibismartinez.es\\\/farmacia\\\/apt\\\/breast-fast\\\/#primaryimage\",\"url\":\"https:\\\/\\\/policlinicalacibismartinez.es\\\/farmacia\\\/wp-content\\\/uploads\\\/2024\\\/11\\\/Breast-Fast.jpg\",\"contentUrl\":\"https:\\\/\\\/policlinicalacibismartinez.es\\\/farmacia\\\/wp-content\\\/uploads\\\/2024\\\/11\\\/Breast-Fast.jpg\",\"width\":768,\"height\":768},{\"@type\":\"BreadcrumbList\",\"@id\":\"https:\\\/\\\/policlinicalacibismartinez.es\\\/farmacia\\\/apt\\\/breast-fast\\\/#breadcrumb\",\"itemListElement\":[{\"@type\":\"ListItem\",\"position\":1,\"name\":\"Strona g\u0142\u00f3wna\",\"item\":\"https:\\\/\\\/policlinicalacibismartinez.es\\\/farmacia\\\/\"},{\"@type\":\"ListItem\",\"position\":2,\"name\":\"Produkte\",\"item\":\"https:\\\/\\\/policlinicalacibismartinez.es\\\/farmacia\\\/\"},{\"@type\":\"ListItem\",\"position\":3,\"name\":\"Breast Fast\"}]},{\"@type\":\"WebSite\",\"@id\":\"https:\\\/\\\/policlinicalacibismartinez.es\\\/farmacia\\\/#website\",\"url\":\"https:\\\/\\\/policlinicalacibismartinez.es\\\/farmacia\\\/\",\"name\":\"PoliclinicaLacibisMartinez\",\"description\":\"\",\"potentialAction\":[{\"@type\":\"SearchAction\",\"target\":{\"@type\":\"EntryPoint\",\"urlTemplate\":\"https:\\\/\\\/policlinicalacibismartinez.es\\\/farmacia\\\/?s={search_term_string}\"},\"query-input\":{\"@type\":\"PropertyValueSpecification\",\"valueRequired\":true,\"valueName\":\"search_term_string\"}}],\"inLanguage\":\"es\"}]}<\/script>\n<!-- \/ Yoast SEO plugin. -->","yoast_head_json":{"title":"Breast Fast - Opiniones, Foro, Precio, Farmacia, Efectos | -50%","robots":{"index":"index","follow":"follow","max-snippet":"max-snippet:-1","max-image-preview":"max-image-preview:large","max-video-preview":"max-video-preview:-1"},"canonical":"https:\/\/policlinicalacibismartinez.es\/farmacia\/apt\/breast-fast\/","og_locale":"es_ES","og_type":"article","og_title":"Breast Fast - Opiniones, Foro, Precio, Farmacia, Efectos | -50%","og_url":"https:\/\/policlinicalacibismartinez.es\/farmacia\/apt\/breast-fast\/","og_site_name":"PoliclinicaLacibisMartinez","article_modified_time":"2025-01-14T20:44:37+00:00","og_image":[{"width":768,"height":768,"url":"https:\/\/policlinicalacibismartinez.es\/farmacia\/wp-content\/uploads\/2024\/11\/Breast-Fast.jpg","type":"image\/jpeg"}],"twitter_card":"summary_large_image","twitter_description":"[date_countdown]","twitter_misc":{"Tiempo de lectura":"1 minuto"},"schema":{"@context":"https:\/\/schema.org","@graph":[{"@type":"WebPage","@id":"https:\/\/policlinicalacibismartinez.es\/farmacia\/apt\/breast-fast\/","url":"https:\/\/policlinicalacibismartinez.es\/farmacia\/apt\/breast-fast\/","name":"Breast Fast - Opiniones, Foro, Precio, Farmacia, Efectos | -50%","isPartOf":{"@id":"https:\/\/policlinicalacibismartinez.es\/farmacia\/#website"},"primaryImageOfPage":{"@id":"https:\/\/policlinicalacibismartinez.es\/farmacia\/apt\/breast-fast\/#primaryimage"},"image":{"@id":"https:\/\/policlinicalacibismartinez.es\/farmacia\/apt\/breast-fast\/#primaryimage"},"thumbnailUrl":"https:\/\/policlinicalacibismartinez.es\/farmacia\/wp-content\/uploads\/2024\/11\/Breast-Fast.jpg","datePublished":"2024-11-09T11:35:50+00:00","dateModified":"2025-01-14T20:44:37+00:00","breadcrumb":{"@id":"https:\/\/policlinicalacibismartinez.es\/farmacia\/apt\/breast-fast\/#breadcrumb"},"inLanguage":"es","potentialAction":[{"@type":"ReadAction","target":["https:\/\/policlinicalacibismartinez.es\/farmacia\/apt\/breast-fast\/"]}]},{"@type":"ImageObject","inLanguage":"es","@id":"https:\/\/policlinicalacibismartinez.es\/farmacia\/apt\/breast-fast\/#primaryimage","url":"https:\/\/policlinicalacibismartinez.es\/farmacia\/wp-content\/uploads\/2024\/11\/Breast-Fast.jpg","contentUrl":"https:\/\/policlinicalacibismartinez.es\/farmacia\/wp-content\/uploads\/2024\/11\/Breast-Fast.jpg","width":768,"height":768},{"@type":"BreadcrumbList","@id":"https:\/\/policlinicalacibismartinez.es\/farmacia\/apt\/breast-fast\/#breadcrumb","itemListElement":[{"@type":"ListItem","position":1,"name":"Strona g\u0142\u00f3wna","item":"https:\/\/policlinicalacibismartinez.es\/farmacia\/"},{"@type":"ListItem","position":2,"name":"Produkte","item":"https:\/\/policlinicalacibismartinez.es\/farmacia\/"},{"@type":"ListItem","position":3,"name":"Breast Fast"}]},{"@type":"WebSite","@id":"https:\/\/policlinicalacibismartinez.es\/farmacia\/#website","url":"https:\/\/policlinicalacibismartinez.es\/farmacia\/","name":"PoliclinicaLacibisMartinez","description":"","potentialAction":[{"@type":"SearchAction","target":{"@type":"EntryPoint","urlTemplate":"https:\/\/policlinicalacibismartinez.es\/farmacia\/?s={search_term_string}"},"query-input":{"@type":"PropertyValueSpecification","valueRequired":true,"valueName":"search_term_string"}}],"inLanguage":"es"}]}},"_links":{"self":[{"href":"https:\/\/policlinicalacibismartinez.es\/farmacia\/wp-json\/wp\/v2\/product\/11888","targetHints":{"allow":["GET"]}}],"collection":[{"href":"https:\/\/policlinicalacibismartinez.es\/farmacia\/wp-json\/wp\/v2\/product"}],"about":[{"href":"https:\/\/policlinicalacibismartinez.es\/farmacia\/wp-json\/wp\/v2\/types\/product"}],"replies":[{"embeddable":true,"href":"https:\/\/policlinicalacibismartinez.es\/farmacia\/wp-json\/wp\/v2\/comments?post=11888"}],"wp:featuredmedia":[{"embeddable":true,"href":"https:\/\/policlinicalacibismartinez.es\/farmacia\/wp-json\/wp\/v2\/media\/11887"}],"wp:attachment":[{"href":"https:\/\/policlinicalacibismartinez.es\/farmacia\/wp-json\/wp\/v2\/media?parent=11888"}],"wp:term":[{"taxonomy":"product_brand","embeddable":true,"href":"https:\/\/policlinicalacibismartinez.es\/farmacia\/wp-json\/wp\/v2\/product_brand?post=11888"},{"taxonomy":"product_cat","embeddable":true,"href":"https:\/\/policlinicalacibismartinez.es\/farmacia\/wp-json\/wp\/v2\/product_cat?post=11888"},{"taxonomy":"product_tag","embeddable":true,"href":"https:\/\/policlinicalacibismartinez.es\/farmacia\/wp-json\/wp\/v2\/product_tag?post=11888"}],"curies":[{"name":"wp","href":"https:\/\/api.w.org\/{rel}","templated":true}]}}